
{"id":10600,"date":"2017-04-20T22:23:12","date_gmt":"2017-04-20T22:23:12","guid":{"rendered":"http:\/\/www.cnhv.net\/?page_id=10600"},"modified":"2017-06-29T17:59:30","modified_gmt":"2017-06-29T17:59:30","slug":"escuela-de-vela","status":"publish","type":"page","link":"https:\/\/old.cnhv.net\/?page_id=10600","title":{"rendered":"Escuela de vela"},"content":{"rendered":"<p>Cursos de vela para todas las edades.<br \/>\nWindsurf y Vela Ligera( barcos colectivos e individuales)<br \/>\nHorarios flexibles y precios econ\u00f3micos.<br \/>\nDurante invierno y verano.<br \/>\nM\u00e1s informaci\u00f3n: En secretar\u00eda del club o ponerse en contacto en <a href=\"mailto:cnhv@cnhv.net\" target=\"_blank\" rel=\"noopener noreferrer\">cnhv@cnhv.net<\/a>\u00a0, por tel\u00e9fono al: 977 82 30 04 \/\u00a0695 27 89 68<\/p>\n<p>Descargar folleto:\u00a0<a href=\"http:\/\/www.cnhv.net\/wp-content\/uploads\/2017\/04\/Flyer-de-vela-2017.pdf\" class=\"mtli_attachment mtli_pdf\">Cat-Cas<\/a> \u00a0&#8211; \u00a0<a href=\"http:\/\/www.cnhv.net\/wp-content\/uploads\/2017\/04\/Flyer-CNHV-A5-FRA-ING-2017.pdf\" class=\"mtli_attachment mtli_pdf\">Fra-Ing<\/a><a href=\"http:\/\/www.cnhv.net\/wp-content\/uploads\/2017\/04\/Flyer-CNHV-A5-FRA-ING-2017.pdf\" class=\"mtli_attachment mtli_pdf\">\u00a0<\/a><\/p>\n<p><a href=\"http:\/\/www.cnhv.net\/wp-content\/uploads\/2017\/04\/INSCRIPCION-CARA-A-B-CAST.doc\" class=\"mtli_attachment mtli_doc\" target=\"_blank\" rel=\"noopener noreferrer\">Descargar hoja de inscripci\u00f3n<\/a><\/p>\n<p><a href=\"http:\/\/www.cnhv.net\/wp-content\/uploads\/2017\/04\/Flyer-de-vela-2017-x.jpg\"><img decoding=\"async\" loading=\"lazy\" class=\"aligncenter wp-image-10603 size-large\" src=\"http:\/\/www.cnhv.net\/wp-content\/uploads\/2017\/04\/Flyer-de-vela-2017-x-724x1024.jpg\" alt=\"\" width=\"640\" height=\"905\" srcset=\"https:\/\/old.cnhv.net\/wp-content\/uploads\/2017\/04\/Flyer-de-vela-2017-x-724x1024.jpg 724w, https:\/\/old.cnhv.net\/wp-content\/uploads\/2017\/04\/Flyer-de-vela-2017-x-212x300.jpg 212w, https:\/\/old.cnhv.net\/wp-content\/uploads\/2017\/04\/Flyer-de-vela-2017-x-768x1086.jpg 768w, https:\/\/old.cnhv.net\/wp-content\/uploads\/2017\/04\/Flyer-de-vela-2017-x-71x100.jpg 71w, https:\/\/old.cnhv.net\/wp-content\/uploads\/2017\/04\/Flyer-de-vela-2017-x.jpg 1587w\" sizes=\"(max-width: 640px) 100vw, 640px\" \/><\/a><\/p>\n<p>&nbsp;<\/p>\n<p>&nbsp;<\/p>","protected":false},"excerpt":{"rendered":"<p>Cursos de vela para todas las edades. Windsurf y Vela Ligera( barcos colectivos e individuales) Horarios flexibles y precios econ\u00f3micos. Durante invierno y verano. M\u00e1s informaci\u00f3n: En secretar\u00eda del club [&hellip;] <a href=\"https:\/\/old.cnhv.net\/?page_id=10600\" rel=\"bookmark\">more<\/a><\/p>\n","protected":false},"author":1,"featured_media":0,"parent":10590,"menu_order":0,"comment_status":"closed","ping_status":"closed","template":"pg-tpl-no-sidebars.php","meta":{"ngg_post_thumbnail":0},"_links":{"self":[{"href":"https:\/\/old.cnhv.net\/index.php?rest_route=\/wp\/v2\/pages\/10600"}],"collection":[{"href":"https:\/\/old.cnhv.net\/index.php?rest_route=\/wp\/v2\/pages"}],"about":[{"href":"https:\/\/old.cnhv.net\/index.php?rest_route=\/wp\/v2\/types\/page"}],"author":[{"embeddable":true,"href":"https:\/\/old.cnhv.net\/index.php?rest_route=\/wp\/v2\/users\/1"}],"replies":[{"embeddable":true,"href":"https:\/\/old.cnhv.net\/index.php?rest_route=%2Fwp%2Fv2%2Fcomments&post=10600"}],"version-history":[{"count":11,"href":"https:\/\/old.cnhv.net\/index.php?rest_route=\/wp\/v2\/pages\/10600\/revisions"}],"predecessor-version":[{"id":10776,"href":"https:\/\/old.cnhv.net\/index.php?rest_route=\/wp\/v2\/pages\/10600\/revisions\/10776"}],"up":[{"embeddable":true,"href":"https:\/\/old.cnhv.net\/index.php?rest_route=\/wp\/v2\/pages\/10590"}],"wp:attachment":[{"href":"https:\/\/old.cnhv.net\/index.php?rest_route=%2Fwp%2Fv2%2Fmedia&parent=10600"}],"curies":[{"name":"wp","href":"https:\/\/api.w.org\/{rel}","templated":true}]}}