
{"id":12252,"date":"2017-08-29T21:57:14","date_gmt":"2017-08-29T21:57:14","guid":{"rendered":"http:\/\/www.cnhv.net\/?page_id=12252"},"modified":"2019-08-30T22:03:48","modified_gmt":"2019-08-30T22:03:48","slug":"travesia-port-a-nado-y-4-milla-nautica-2017","status":"publish","type":"page","link":"https:\/\/old.cnhv.net\/?page_id=12252","title":{"rendered":"Traves\u00eda port y 4 Milla n\u00e1utica 2017"},"content":{"rendered":"<p><\/p>\n<p class=\"p1\"><span class=\"s1\">Con un d\u00eda de poco sol, que fue de agradecer, comenzamos la traves\u00eda del puerto a nado, el mar un poco rizado, con viento de Garb\u00ed suave y una temperatura ideal de 26\u00ba, tanto en tierra como en el agua.<\/span><\/p>\n<p class=\"p1\"><span class=\"s1\">En primer lugar, pedir disculpas a los participantes por el retraso de las \u00faltimas pruebas, llev\u00e1bamos los tiempos controlados pero las pruebas de los 600 m. debido a la cantidad de participantes fue m\u00e1s lenta de lo previsto, al igual que en el recorrido de la milla, que a pesar de tener su encanto de ir en el tren tur\u00edstico hasta el lugar de salida, al ser muchos los participantes nos obligan a dar dos viajes y en un futuro hasta m\u00e1s. Tomamos nota de los fallos e intentaremos superarlos.<\/span><\/p>\n<p class=\"p1\"><span class=\"s1\">En la prueba de la milla ha sido vencedor ERIC VILAREGUT, con un tiempo de <\/span><span class=\"s2\">29 minutos 58 segundos.<\/span><\/p>\n<p class=\"p1\"><span class=\"s1\">Gracias por vuestra participaci\u00f3n ya que sois los motores que nos impulsan para seguir adelante.<\/span><\/p>\n<p><a href=\"http:\/\/www.cnhv.net\/wp-content\/uploads\/2017\/08\/CLASIFICACION-2017-PEQUES-2.jpg\"><img decoding=\"async\" loading=\"lazy\" class=\"aligncenter wp-image-12132 size-large\" src=\"http:\/\/www.cnhv.net\/wp-content\/uploads\/2017\/08\/CLASIFICACION-2017-PEQUES-2-1024x685.jpg\" alt=\"\" width=\"640\" height=\"428\" srcset=\"https:\/\/old.cnhv.net\/wp-content\/uploads\/2017\/08\/CLASIFICACION-2017-PEQUES-2-1024x685.jpg 1024w, https:\/\/old.cnhv.net\/wp-content\/uploads\/2017\/08\/CLASIFICACION-2017-PEQUES-2-300x201.jpg 300w, https:\/\/old.cnhv.net\/wp-content\/uploads\/2017\/08\/CLASIFICACION-2017-PEQUES-2-768x514.jpg 768w, https:\/\/old.cnhv.net\/wp-content\/uploads\/2017\/08\/CLASIFICACION-2017-PEQUES-2-100x67.jpg 100w\" sizes=\"(max-width: 640px) 100vw, 640px\" \/><\/a><\/p>\n<p>&nbsp;<\/p>\n<p>&nbsp;<\/p>\n<p><a href=\"http:\/\/www.cnhv.net\/wp-content\/uploads\/2017\/08\/CLASIFICACION-ADULTOS-TRAVESI\u0301A-A-NADO-2017.jpg\"><img decoding=\"async\" loading=\"lazy\" class=\"aligncenter wp-image-12126 size-large\" src=\"http:\/\/www.cnhv.net\/wp-content\/uploads\/2017\/08\/CLASIFICACION-ADULTOS-TRAVESI\u0301A-A-NADO-2017-889x1024.jpg\" alt=\"\" width=\"640\" height=\"737\" srcset=\"https:\/\/old.cnhv.net\/wp-content\/uploads\/2017\/08\/CLASIFICACION-ADULTOS-TRAVESI\u0301A-A-NADO-2017-889x1024.jpg 889w, https:\/\/old.cnhv.net\/wp-content\/uploads\/2017\/08\/CLASIFICACION-ADULTOS-TRAVESI\u0301A-A-NADO-2017-261x300.jpg 261w, https:\/\/old.cnhv.net\/wp-content\/uploads\/2017\/08\/CLASIFICACION-ADULTOS-TRAVESI\u0301A-A-NADO-2017-768x884.jpg 768w, https:\/\/old.cnhv.net\/wp-content\/uploads\/2017\/08\/CLASIFICACION-ADULTOS-TRAVESI\u0301A-A-NADO-2017-87x100.jpg 87w, https:\/\/old.cnhv.net\/wp-content\/uploads\/2017\/08\/CLASIFICACION-ADULTOS-TRAVESI\u0301A-A-NADO-2017.jpg 1798w\" sizes=\"(max-width: 640px) 100vw, 640px\" \/><\/a><\/p>\n<p>Ver video TV&nbsp;Vandell\u00f2s<\/p>\n<div style=\"width: 640px;\" class=\"wp-video\"><!--[if lt IE 9]><script>document.createElement('video');<\/script><![endif]-->\n<video class=\"wp-video-shortcode\" id=\"video-12252-1\" width=\"640\" height=\"360\" preload=\"metadata\" controls=\"controls\"><source type=\"video\/mp4\" src=\"http:\/\/www.cnhv.net\/wp-content\/uploads\/2017\/08\/Travesia-Port-2017.mp4?_=1\" \/><a href=\"http:\/\/www.cnhv.net\/wp-content\/uploads\/2017\/08\/Travesia-Port-2017.mp4\">http:\/\/www.cnhv.net\/wp-content\/uploads\/2017\/08\/Travesia-Port-2017.mp4<\/a><\/video><\/div>\n<p>&nbsp;<\/p>\n<p>Si quer\u00e9is descargar alguna foto<a href=\"https:\/\/goo.gl\/photos\/u51k9cT39uUX1HWi7\" target=\"_blank\" rel=\"noopener noreferrer\"> ir a este enlace<\/a>, tiene m\u00e1s calidad &nbsp;<\/p>\n<p>ngg_shortcode_0_placeholder<\/p>","protected":false},"excerpt":{"rendered":"<p>Con un d\u00eda de poco sol, que fue de agradecer, comenzamos la traves\u00eda del puerto a nado, el mar un poco rizado, con viento de Garb\u00ed suave y una temperatura [&hellip;] <a href=\"https:\/\/old.cnhv.net\/?page_id=12252\" rel=\"bookmark\">more<\/a><\/p>\n","protected":false},"author":1,"featured_media":0,"parent":15221,"menu_order":1,"comment_status":"closed","ping_status":"closed","template":"pg-tpl-no-sidebars.php","meta":{"ngg_post_thumbnail":0},"_links":{"self":[{"href":"https:\/\/old.cnhv.net\/index.php?rest_route=\/wp\/v2\/pages\/12252"}],"collection":[{"href":"https:\/\/old.cnhv.net\/index.php?rest_route=\/wp\/v2\/pages"}],"about":[{"href":"https:\/\/old.cnhv.net\/index.php?rest_route=\/wp\/v2\/types\/page"}],"author":[{"embeddable":true,"href":"https:\/\/old.cnhv.net\/index.php?rest_route=\/wp\/v2\/users\/1"}],"replies":[{"embeddable":true,"href":"https:\/\/old.cnhv.net\/index.php?rest_route=%2Fwp%2Fv2%2Fcomments&post=12252"}],"version-history":[{"count":4,"href":"https:\/\/old.cnhv.net\/index.php?rest_route=\/wp\/v2\/pages\/12252\/revisions"}],"predecessor-version":[{"id":15269,"href":"https:\/\/old.cnhv.net\/index.php?rest_route=\/wp\/v2\/pages\/12252\/revisions\/15269"}],"up":[{"embeddable":true,"href":"https:\/\/old.cnhv.net\/index.php?rest_route=\/wp\/v2\/pages\/15221"}],"wp:attachment":[{"href":"https:\/\/old.cnhv.net\/index.php?rest_route=%2Fwp%2Fv2%2Fmedia&parent=12252"}],"curies":[{"name":"wp","href":"https:\/\/api.w.org\/{rel}","templated":true}]}}