
{"id":12655,"date":"2017-10-29T19:25:41","date_gmt":"2017-10-29T19:25:41","guid":{"rendered":"http:\/\/www.cnhv.net\/?page_id=12655"},"modified":"2017-10-29T19:25:41","modified_gmt":"2017-10-29T19:25:41","slug":"cpto-cataluna-de-pescasub-por-equipos-2017","status":"publish","type":"page","link":"https:\/\/old.cnhv.net\/?page_id=12655","title":{"rendered":"Cpto. Catalu\u00f1a de PescaSub por equipos 2017"},"content":{"rendered":"<p>El equipo &nbsp;del Club N\u00e0utic Hospitalet Vandell\u00f2s formado por Eloy Mart\u00ednez, Manuel G\u00e1lvez y Oscar Rodr\u00edguez se proclaman campeones &nbsp;de Catalu\u00f1a de pesca submarina por equipos 2017.<\/p>\n<p>El pasado s\u00e1bado d\u00eda 27 se celebro en Portbou &nbsp;el campeonato de Catalu\u00f1a de pesca submarina por equipos 2017. Este pueblo de la provincia de Girona y limite fronterizo con Francia, acog\u00eda por primera vez un evento de esta caracter\u00edsticas.<\/p>\n<p>A esta prueba estaban inscritos trece equipos de toda la comunidad entre los que se encontraba el equipo del CNHV formado por Eloy, Manuel Y Oscar, actuales campeones de Espa\u00f1a por equipos, campeonato obtenido en aguas de Hospitalet de L&#8217;Infant en 2016.<\/p>\n<p>La prueba &nbsp;estaba comprendida entre el puerto de Portbou y el &nbsp;Port de la Selva.<\/p>\n<p>A las 9:10 se dio inicio a la prueba y&nbsp;los equipos participantes dispondr\u00edan de seis horas para intentar realizar el mayor n\u00ba de capturas, que como siempre se viene haciendo en estos eventos, todas las capturas&nbsp;serian donadas a comedores sociales.<\/p>\n<p>Finalizada la prueba a las 15:10, &nbsp;todos&nbsp;los participantes se concentraron en el punto de reuni\u00f3n para dar por finalizado el campeonato y regresar a puerto para dar comienzo con el pesaje.<\/p>\nngg_shortcode_0_placeholder\n<p><\/p>","protected":false},"excerpt":{"rendered":"<p>El equipo &nbsp;del Club N\u00e0utic Hospitalet Vandell\u00f2s formado por Eloy Mart\u00ednez, Manuel G\u00e1lvez y Oscar Rodr\u00edguez se proclaman campeones &nbsp;de Catalu\u00f1a de pesca submarina por equipos 2017. El pasado s\u00e1bado [&hellip;] <a href=\"https:\/\/old.cnhv.net\/?page_id=12655\" rel=\"bookmark\">more<\/a><\/p>\n","protected":false},"author":1,"featured_media":0,"parent":12650,"menu_order":1,"comment_status":"closed","ping_status":"closed","template":"pg-tpl-no-sidebars.php","meta":{"ngg_post_thumbnail":0},"_links":{"self":[{"href":"https:\/\/old.cnhv.net\/index.php?rest_route=\/wp\/v2\/pages\/12655"}],"collection":[{"href":"https:\/\/old.cnhv.net\/index.php?rest_route=\/wp\/v2\/pages"}],"about":[{"href":"https:\/\/old.cnhv.net\/index.php?rest_route=\/wp\/v2\/types\/page"}],"author":[{"embeddable":true,"href":"https:\/\/old.cnhv.net\/index.php?rest_route=\/wp\/v2\/users\/1"}],"replies":[{"embeddable":true,"href":"https:\/\/old.cnhv.net\/index.php?rest_route=%2Fwp%2Fv2%2Fcomments&post=12655"}],"version-history":[{"count":1,"href":"https:\/\/old.cnhv.net\/index.php?rest_route=\/wp\/v2\/pages\/12655\/revisions"}],"predecessor-version":[{"id":12657,"href":"https:\/\/old.cnhv.net\/index.php?rest_route=\/wp\/v2\/pages\/12655\/revisions\/12657"}],"up":[{"embeddable":true,"href":"https:\/\/old.cnhv.net\/index.php?rest_route=\/wp\/v2\/pages\/12650"}],"wp:attachment":[{"href":"https:\/\/old.cnhv.net\/index.php?rest_route=%2Fwp%2Fv2%2Fmedia&parent=12655"}],"curies":[{"name":"wp","href":"https:\/\/api.w.org\/{rel}","templated":true}]}}