
{"id":12662,"date":"2017-10-29T19:31:59","date_gmt":"2017-10-29T19:31:59","guid":{"rendered":"http:\/\/www.cnhv.net\/?page_id=12662"},"modified":"2019-09-05T21:14:13","modified_gmt":"2019-09-05T21:14:13","slug":"pescasub-2a-salida-social","status":"publish","type":"page","link":"https:\/\/old.cnhv.net\/?page_id=12662","title":{"rendered":"PescaSub, 2\u00aa salida social 2017"},"content":{"rendered":"<p>La secci\u00f3n de pesca submarina realiza su segunda salida de club en Sant Jordi.<\/p>\n<p>El pasado s\u00e1bado 11 de febrero la secci\u00f3n de pesca submarina del CNHV, organizo su 2\u00ba salida de club \u00a0en la zona de San Jordi. El d\u00eda amaneci\u00f3 tranquilo pero a la hora de entrar al agua los asistentes tuvieron que luchar con una \u00a0fuerte corriente y un viento intenso. Al cabo de cinco\u00a0horas y de pelear contra las condiciones atmosf\u00e9ricas \u00a0los participantes comenzaron a salir del agua y al igual que sucedi\u00f3 en la 1\u00ba salida celebrada en la Ametlla el 28 de enero en la cual tampoco acompa\u00f1o el tiempo, las capturas fueron escasas o nulas pero lo importante es usar estas salidas para comenzar a prepararse para los pr\u00f3ximos campeonatos de Catalu\u00f1a que se celebraran pr\u00f3ximamente.<\/p>\n<p>Solo dos de los pescadores lograron hacer alguna captura, Oscar Rodr\u00edguez que clasifico en la 1\u00ba posici\u00f3n con \u00a0un total de 4.640 pts e Iker Laskibar clasificado 2\u00ba con un total de 3.150 pts.<\/p>\n<p>El resto de asistente no lograron realizar ninguna captura.<\/p>\n<p>Para terminar la jornada, todos los asistentes disfrutaron de una magnifica barbacoa\u00a0en las instalaciones del club.<\/p>\n<p><a href=\"https:\/\/goo.gl\/photos\/Y4ywLkFCcTuHFQnu6\">Ver fotos<\/a><\/p>","protected":false},"excerpt":{"rendered":"<p>La secci\u00f3n de pesca submarina realiza su segunda salida de club en Sant Jordi. El pasado s\u00e1bado 11 de febrero la secci\u00f3n de pesca submarina del CNHV, organizo su 2\u00ba [&hellip;] <a href=\"https:\/\/old.cnhv.net\/?page_id=12662\" rel=\"bookmark\">more<\/a><\/p>\n","protected":false},"author":1,"featured_media":0,"parent":12650,"menu_order":4,"comment_status":"closed","ping_status":"closed","template":"pg-tpl-no-sidebars.php","meta":{"ngg_post_thumbnail":0},"_links":{"self":[{"href":"https:\/\/old.cnhv.net\/index.php?rest_route=\/wp\/v2\/pages\/12662"}],"collection":[{"href":"https:\/\/old.cnhv.net\/index.php?rest_route=\/wp\/v2\/pages"}],"about":[{"href":"https:\/\/old.cnhv.net\/index.php?rest_route=\/wp\/v2\/types\/page"}],"author":[{"embeddable":true,"href":"https:\/\/old.cnhv.net\/index.php?rest_route=\/wp\/v2\/users\/1"}],"replies":[{"embeddable":true,"href":"https:\/\/old.cnhv.net\/index.php?rest_route=%2Fwp%2Fv2%2Fcomments&post=12662"}],"version-history":[{"count":3,"href":"https:\/\/old.cnhv.net\/index.php?rest_route=\/wp\/v2\/pages\/12662\/revisions"}],"predecessor-version":[{"id":15295,"href":"https:\/\/old.cnhv.net\/index.php?rest_route=\/wp\/v2\/pages\/12662\/revisions\/15295"}],"up":[{"embeddable":true,"href":"https:\/\/old.cnhv.net\/index.php?rest_route=\/wp\/v2\/pages\/12650"}],"wp:attachment":[{"href":"https:\/\/old.cnhv.net\/index.php?rest_route=%2Fwp%2Fv2%2Fmedia&parent=12662"}],"curies":[{"name":"wp","href":"https:\/\/api.w.org\/{rel}","templated":true}]}}