
{"id":13050,"date":"2018-03-11T19:25:59","date_gmt":"2018-03-11T19:25:59","guid":{"rendered":"http:\/\/www.cnhv.net\/?page_id=13050"},"modified":"2018-03-11T19:31:22","modified_gmt":"2018-03-11T19:31:22","slug":"i-regata-terres-de-mestral","status":"publish","type":"page","link":"https:\/\/old.cnhv.net\/?page_id=13050","title":{"rendered":"I Regata Terres de Mestral"},"content":{"rendered":"<p>S\u00e1bado 25 por la ma\u00f1ana se izaba delta y la flota de grupo 1 entraba al agua.<br \/>\nTodo y los intentos, fue imposible poder realizar ninguna prueba por los cambios constantes de direcci\u00f3n y de intensidad del viento, el que imped\u00eda establecer el campo de regatas. Finalmente se enunciaba aplazamiento en tierra. M\u00e1s tarde G1 volv\u00eda al agua.<br \/>\nTodo y las complicadas condiciones con fuertes rachas, se consegu\u00eda hacer una regata de la cual fue vencedor Iago Batista, quedando en segunda posici\u00f3n Nuera Garc\u00eda.<br \/>\nLa flota volv\u00eda a puerto con fuerte viento de mistral.<br \/>\nG2 se mantuvo en tierra toda la jornada.<br \/>\nDomingo empezaba el d\u00eda con la reuni\u00f3n informativa de ACCIO presentando los nuevos miembros y dando informaci\u00f3n a los padres y nuevos regatistas de grupo2.<br \/>\nDespu\u00e9s de esperar en tierra toda la ma\u00f1ana, finalmente se anulaba la regata por las duras condiciones.<br \/>\nEl fin de semana se acababa con lo entrega de premios de G1, puesto que G2 no pudo disputar ninguna prueba.<br \/>\n&nbsp;<br \/>\nLos resultados son los siguientes:&nbsp;<a href=\"http:\/\/www.accioptimist.eu\/wp-content\/uploads\/2017\/11\/P1-G1.pdf\" class=\"mtli_attachment mtli_pdf\" target=\"_blank\" rel=\"noopener\">resultados<\/a><br \/>\n&nbsp;<br \/>\nDesde ACCIO queremos agradecer al Club N\u00e1utico Hospitalet \u2013 Vandell\u00f2s la organizaci\u00f3n de esta regata y el esfuerzo realizado.<\/p>\n<p>&nbsp;<\/p>\nngg_shortcode_0_placeholder\n<p>&nbsp;<\/p>\n<p><a href=\"http:\/\/www.cnhv.net\/wp-content\/uploads\/2017\/11\/Anunci-Regata-Terres-de-Mestral-per-Clubs-V1.jpg\"><img decoding=\"async\" loading=\"lazy\" class=\"aligncenter wp-image-12878 size-large\" src=\"http:\/\/www.cnhv.net\/wp-content\/uploads\/2017\/11\/Anunci-Regata-Terres-de-Mestral-per-Clubs-V1-724x1024.jpg\" alt=\"\" width=\"640\" height=\"905\" srcset=\"https:\/\/old.cnhv.net\/wp-content\/uploads\/2017\/11\/Anunci-Regata-Terres-de-Mestral-per-Clubs-V1-724x1024.jpg 724w, https:\/\/old.cnhv.net\/wp-content\/uploads\/2017\/11\/Anunci-Regata-Terres-de-Mestral-per-Clubs-V1-212x300.jpg 212w, https:\/\/old.cnhv.net\/wp-content\/uploads\/2017\/11\/Anunci-Regata-Terres-de-Mestral-per-Clubs-V1-768x1087.jpg 768w, https:\/\/old.cnhv.net\/wp-content\/uploads\/2017\/11\/Anunci-Regata-Terres-de-Mestral-per-Clubs-V1-71x100.jpg 71w, https:\/\/old.cnhv.net\/wp-content\/uploads\/2017\/11\/Anunci-Regata-Terres-de-Mestral-per-Clubs-V1.jpg 848w\" sizes=\"(max-width: 640px) 100vw, 640px\" \/><\/a><\/p>\n<p><\/p>","protected":false},"excerpt":{"rendered":"<p>S\u00e1bado 25 por la ma\u00f1ana se izaba delta y la flota de grupo 1 entraba al agua. Todo y los intentos, fue imposible poder realizar ninguna prueba por los cambios [&hellip;] <a href=\"https:\/\/old.cnhv.net\/?page_id=13050\" rel=\"bookmark\">more<\/a><\/p>\n","protected":false},"author":1,"featured_media":0,"parent":10590,"menu_order":9,"comment_status":"closed","ping_status":"closed","template":"pg-tpl-no-sidebars.php","meta":{"ngg_post_thumbnail":0},"_links":{"self":[{"href":"https:\/\/old.cnhv.net\/index.php?rest_route=\/wp\/v2\/pages\/13050"}],"collection":[{"href":"https:\/\/old.cnhv.net\/index.php?rest_route=\/wp\/v2\/pages"}],"about":[{"href":"https:\/\/old.cnhv.net\/index.php?rest_route=\/wp\/v2\/types\/page"}],"author":[{"embeddable":true,"href":"https:\/\/old.cnhv.net\/index.php?rest_route=\/wp\/v2\/users\/1"}],"replies":[{"embeddable":true,"href":"https:\/\/old.cnhv.net\/index.php?rest_route=%2Fwp%2Fv2%2Fcomments&post=13050"}],"version-history":[{"count":3,"href":"https:\/\/old.cnhv.net\/index.php?rest_route=\/wp\/v2\/pages\/13050\/revisions"}],"predecessor-version":[{"id":13057,"href":"https:\/\/old.cnhv.net\/index.php?rest_route=\/wp\/v2\/pages\/13050\/revisions\/13057"}],"up":[{"embeddable":true,"href":"https:\/\/old.cnhv.net\/index.php?rest_route=\/wp\/v2\/pages\/10590"}],"wp:attachment":[{"href":"https:\/\/old.cnhv.net\/index.php?rest_route=%2Fwp%2Fv2%2Fmedia&parent=13050"}],"curies":[{"name":"wp","href":"https:\/\/api.w.org\/{rel}","templated":true}]}}