
{"id":13103,"date":"2018-03-29T08:29:54","date_gmt":"2018-03-29T08:29:54","guid":{"rendered":"http:\/\/www.cnhv.net\/?page_id=13103"},"modified":"2019-08-30T22:03:07","modified_gmt":"2019-08-30T22:03:07","slug":"21-jornada-ecologica-2017","status":"publish","type":"page","link":"https:\/\/old.cnhv.net\/?page_id=13103","title":{"rendered":"21 Jornada ecol\u00f3gica 2017"},"content":{"rendered":"<p>Un a\u00f1o m\u00e1s, el 2 de septiembre a las 16 h. el CNHV en colaboraci\u00f3n con la escuela de buceo GLUP\u2019S DIVING ubicada en nuestro puerto, hemos organizado la 21\u00ba Jornada ecol\u00f3gica.<\/p>\n<p>Como a\u00f1os anteriores hay que destacar la labor que estos submarinistas realizan en unas condiciones que no est\u00e1n acostumbrados, ya que las inmersiones que ellos realizan habitualmente es para disfrutar de la belleza del fondo marino de nuestras costas.<\/p>\n<p>Al final de la jornada se ha entregado un trofeo a la pieza m\u00e1s peculiar a David Beltran, que ha sacado una diadema y a la pieza m\u00e1s voluminosa a Mag\u00ed Domingo que ha sacado un barril de pl\u00e1stico.<\/p>\n<p>Agradecer la presencia de la concejala de Turismo Elidia L\u00f3pez y la de Medioambiente Celia Ruiz, as\u00ed como a los fundadores de la nueva asociaci\u00f3n que se ha creado en el municipio llamada \u201cFons Mari\u201d, cuyo objetivo es la de creaci\u00f3n de vida en el mar para lo cual est\u00e1n iniciando los trabajos para una posible ubicaci\u00f3n de un arrecife artificial frente a la playa del arenal, en breve har\u00e1n la presentaci\u00f3n oficial de la entidad.<\/p>\n<p>Gracias a todos los participantes por la buena acogida que tiene este evento.<\/p>\n<p><a href=\"https:\/\/youtu.be\/IgFumgN8Ne4\">Ver video<\/a><\/p>\nngg_shortcode_0_placeholder\n<p><a href=\"http:\/\/www.cnhv.net\/wp-content\/uploads\/2017\/08\/cartel-jornada-ecolo\u0301gica-2017-Web.jpg\"><img decoding=\"async\" loading=\"lazy\" class=\"aligncenter size-full wp-image-12210\" src=\"http:\/\/www.cnhv.net\/wp-content\/uploads\/2017\/08\/cartel-jornada-ecolo\u0301gica-2017-Web.jpg\" alt=\"\" width=\"1000\" height=\"1415\" srcset=\"https:\/\/old.cnhv.net\/wp-content\/uploads\/2017\/08\/cartel-jornada-ecolo\u0301gica-2017-Web.jpg 1000w, https:\/\/old.cnhv.net\/wp-content\/uploads\/2017\/08\/cartel-jornada-ecolo\u0301gica-2017-Web-212x300.jpg 212w, https:\/\/old.cnhv.net\/wp-content\/uploads\/2017\/08\/cartel-jornada-ecolo\u0301gica-2017-Web-768x1087.jpg 768w, https:\/\/old.cnhv.net\/wp-content\/uploads\/2017\/08\/cartel-jornada-ecolo\u0301gica-2017-Web-724x1024.jpg 724w, https:\/\/old.cnhv.net\/wp-content\/uploads\/2017\/08\/cartel-jornada-ecolo\u0301gica-2017-Web-71x100.jpg 71w\" sizes=\"(max-width: 1000px) 100vw, 1000px\" \/><\/a><\/p>\n<p>&nbsp;<\/p>","protected":false},"excerpt":{"rendered":"<p>Un a\u00f1o m\u00e1s, el 2 de septiembre a las 16 h. el CNHV en colaboraci\u00f3n con la escuela de buceo GLUP\u2019S DIVING ubicada en nuestro puerto, hemos organizado la 21\u00ba [&hellip;] <a href=\"https:\/\/old.cnhv.net\/?page_id=13103\" rel=\"bookmark\">more<\/a><\/p>\n","protected":false},"author":1,"featured_media":0,"parent":15221,"menu_order":2,"comment_status":"closed","ping_status":"closed","template":"pg-tpl-no-sidebars.php","meta":{"ngg_post_thumbnail":0},"_links":{"self":[{"href":"https:\/\/old.cnhv.net\/index.php?rest_route=\/wp\/v2\/pages\/13103"}],"collection":[{"href":"https:\/\/old.cnhv.net\/index.php?rest_route=\/wp\/v2\/pages"}],"about":[{"href":"https:\/\/old.cnhv.net\/index.php?rest_route=\/wp\/v2\/types\/page"}],"author":[{"embeddable":true,"href":"https:\/\/old.cnhv.net\/index.php?rest_route=\/wp\/v2\/users\/1"}],"replies":[{"embeddable":true,"href":"https:\/\/old.cnhv.net\/index.php?rest_route=%2Fwp%2Fv2%2Fcomments&post=13103"}],"version-history":[{"count":1,"href":"https:\/\/old.cnhv.net\/index.php?rest_route=\/wp\/v2\/pages\/13103\/revisions"}],"predecessor-version":[{"id":13104,"href":"https:\/\/old.cnhv.net\/index.php?rest_route=\/wp\/v2\/pages\/13103\/revisions\/13104"}],"up":[{"embeddable":true,"href":"https:\/\/old.cnhv.net\/index.php?rest_route=\/wp\/v2\/pages\/15221"}],"wp:attachment":[{"href":"https:\/\/old.cnhv.net\/index.php?rest_route=%2Fwp%2Fv2%2Fmedia&parent=13103"}],"curies":[{"name":"wp","href":"https:\/\/api.w.org\/{rel}","templated":true}]}}