
{"id":140,"date":"2011-10-08T18:14:08","date_gmt":"2011-10-08T18:14:08","guid":{"rendered":"http:\/\/www.cnhv.net\/?page_id=140"},"modified":"2016-08-08T21:26:03","modified_gmt":"2016-08-08T21:26:03","slug":"historia","status":"publish","type":"page","link":"https:\/\/old.cnhv.net\/?page_id=140","title":{"rendered":"Historia"},"content":{"rendered":"<p><span style=\"color: #808080;\">L&#8217;Hospitalet de l&#8217;Infant recibe su nombre de un antiguo Hospital, que a\u00fan hoy se conserva, construido en el Siglo XIV por Blanca D&#8217;Anjou, esposa de Jaime I, y su hijo l\u00b4Infant Pere. Hospital en el que se hallaba cobijo y albergue tras atravesar el Coll de Balaguer, entonces de paso dif\u00edcil. En el a\u00f1o 1.973 un grupo de apasionados por la mar, fundamos un Club Na\u00fatico, cuyas instalaciones entonces se limitaban a una caseta met\u00e1lica en la playa que hac\u00eda las veces de Pa\u00f1ol, Escuela de Vela y Club Social. El n\u00famero de socios fue aumentando y gracias a la ilusi\u00f3n de todos ellos y a su esfuerzo econ\u00f3mico, fue posible la construcci\u00f3n en la antigua playa de \u00abLes Barques\u00bb e inaugurado por el M.H. President de la Generalitat, el Senyor Jordi Pujol, en\u00a0 el a\u00f1o 1.985, puerto que es hoy la casa de todos nosotros. La titularidad del Puerto Deportivo corresponde al Club N\u00e1utic Hospitalet-Vandell\u00f2s. En la actualidad la entidad cuenta con 645 socios y est\u00e1 presidida por D. Llu\u00eds Coll i Braut.<\/span><\/p>","protected":false},"excerpt":{"rendered":"<p>L&#8217;Hospitalet de l&#8217;Infant recibe su nombre de un antiguo Hospital, que a\u00fan hoy se conserva, construido en el Siglo XIV por Blanca D&#8217;Anjou, esposa de Jaime I, y su hijo [&hellip;] <a href=\"https:\/\/old.cnhv.net\/?page_id=140\" rel=\"bookmark\">more<\/a><\/p>\n","protected":false},"author":1,"featured_media":0,"parent":939,"menu_order":6,"comment_status":"closed","ping_status":"closed","template":"pg-tpl-1-right-sidebar.php","meta":{"ngg_post_thumbnail":0},"_links":{"self":[{"href":"https:\/\/old.cnhv.net\/index.php?rest_route=\/wp\/v2\/pages\/140"}],"collection":[{"href":"https:\/\/old.cnhv.net\/index.php?rest_route=\/wp\/v2\/pages"}],"about":[{"href":"https:\/\/old.cnhv.net\/index.php?rest_route=\/wp\/v2\/types\/page"}],"author":[{"embeddable":true,"href":"https:\/\/old.cnhv.net\/index.php?rest_route=\/wp\/v2\/users\/1"}],"replies":[{"embeddable":true,"href":"https:\/\/old.cnhv.net\/index.php?rest_route=%2Fwp%2Fv2%2Fcomments&post=140"}],"version-history":[{"count":27,"href":"https:\/\/old.cnhv.net\/index.php?rest_route=\/wp\/v2\/pages\/140\/revisions"}],"predecessor-version":[{"id":7335,"href":"https:\/\/old.cnhv.net\/index.php?rest_route=\/wp\/v2\/pages\/140\/revisions\/7335"}],"up":[{"embeddable":true,"href":"https:\/\/old.cnhv.net\/index.php?rest_route=\/wp\/v2\/pages\/939"}],"wp:attachment":[{"href":"https:\/\/old.cnhv.net\/index.php?rest_route=%2Fwp%2Fv2%2Fmedia&parent=140"}],"curies":[{"name":"wp","href":"https:\/\/api.w.org\/{rel}","templated":true}]}}