
{"id":14942,"date":"2019-07-03T22:25:59","date_gmt":"2019-07-03T22:25:59","guid":{"rendered":"https:\/\/www.cnhv.net\/?page_id=14942"},"modified":"2021-07-02T15:05:00","modified_gmt":"2021-07-02T15:05:00","slug":"regata-fira-maritima-costa-daurada","status":"publish","type":"page","link":"https:\/\/old.cnhv.net\/?page_id=14942","title":{"rendered":"Regata Fira Mar\u00edtima Costa Daurada"},"content":{"rendered":"<p><span lang=\"ES\">Los regatistas del Club N\u00e0utic Hospitalet-Vandell\u00f2s David Mu\u00f1oz y Andre Pi\u00f1ol han participado el pasado fin de semana 18 y 19 de Mayo en la regata N3 organizada por CN Cambrils.<u><\/u><u><\/u><\/span><\/p>\n<p><span lang=\"ES\">Ha sido un fin de semana con condiciones de viento muy duras de componente noroeste, motivo por el cual los regatistas de G3 solo pudieron navegar el s\u00e1bado<\/span>.<\/p>\n<p style=\"font-weight: 400;\">Resultados: <a href=\"http:\/\/clubnauticcambrils.sailti.com\/es\/default\/races\/race-resultsall\/text\/regata-fira-maritima-costa-daurada-2019-es\" target=\"_blank\" rel=\"noopener noreferrer\">http:\/\/clubnauticcambrils.sailti.com\/es\/default\/races\/race-resultsall\/text\/regata-fira-maritima-costa-daurada-2019-es<\/a><\/p>\n<p><a href=\"https:\/\/www.cnhv.net\/wp-content\/uploads\/2019\/05\/R.Cambrils11.jpg\"><img decoding=\"async\" loading=\"lazy\" class=\"aligncenter size-full wp-image-14845\" src=\"https:\/\/www.cnhv.net\/wp-content\/uploads\/2019\/05\/R.Cambrils11.jpg\" alt=\"\" width=\"1200\" height=\"800\" srcset=\"https:\/\/old.cnhv.net\/wp-content\/uploads\/2019\/05\/R.Cambrils11.jpg 1200w, https:\/\/old.cnhv.net\/wp-content\/uploads\/2019\/05\/R.Cambrils11-300x200.jpg 300w, https:\/\/old.cnhv.net\/wp-content\/uploads\/2019\/05\/R.Cambrils11-768x512.jpg 768w, https:\/\/old.cnhv.net\/wp-content\/uploads\/2019\/05\/R.Cambrils11-1024x683.jpg 1024w, https:\/\/old.cnhv.net\/wp-content\/uploads\/2019\/05\/R.Cambrils11-100x67.jpg 100w\" sizes=\"(max-width: 1200px) 100vw, 1200px\" \/><\/a> <a href=\"https:\/\/www.cnhv.net\/wp-content\/uploads\/2019\/05\/R.Cambrils33.jpg\"><img decoding=\"async\" loading=\"lazy\" class=\"aligncenter size-full wp-image-14846\" src=\"https:\/\/www.cnhv.net\/wp-content\/uploads\/2019\/05\/R.Cambrils33.jpg\" alt=\"\" width=\"1500\" height=\"1000\" srcset=\"https:\/\/old.cnhv.net\/wp-content\/uploads\/2019\/05\/R.Cambrils33.jpg 1500w, https:\/\/old.cnhv.net\/wp-content\/uploads\/2019\/05\/R.Cambrils33-300x200.jpg 300w, https:\/\/old.cnhv.net\/wp-content\/uploads\/2019\/05\/R.Cambrils33-768x512.jpg 768w, https:\/\/old.cnhv.net\/wp-content\/uploads\/2019\/05\/R.Cambrils33-1024x683.jpg 1024w, https:\/\/old.cnhv.net\/wp-content\/uploads\/2019\/05\/R.Cambrils33-100x67.jpg 100w\" sizes=\"(max-width: 1500px) 100vw, 1500px\" \/><\/a> <a href=\"https:\/\/www.cnhv.net\/wp-content\/uploads\/2019\/05\/R.Cambrils66.jpg\"><img decoding=\"async\" loading=\"lazy\" class=\"aligncenter size-full wp-image-14847\" src=\"https:\/\/www.cnhv.net\/wp-content\/uploads\/2019\/05\/R.Cambrils66.jpg\" alt=\"\" width=\"1200\" height=\"800\" srcset=\"https:\/\/old.cnhv.net\/wp-content\/uploads\/2019\/05\/R.Cambrils66.jpg 1200w, https:\/\/old.cnhv.net\/wp-content\/uploads\/2019\/05\/R.Cambrils66-300x200.jpg 300w, https:\/\/old.cnhv.net\/wp-content\/uploads\/2019\/05\/R.Cambrils66-768x512.jpg 768w, https:\/\/old.cnhv.net\/wp-content\/uploads\/2019\/05\/R.Cambrils66-1024x683.jpg 1024w, https:\/\/old.cnhv.net\/wp-content\/uploads\/2019\/05\/R.Cambrils66-100x67.jpg 100w\" sizes=\"(max-width: 1200px) 100vw, 1200px\" \/><\/a><\/p>","protected":false},"excerpt":{"rendered":"<p>Los regatistas del Club N\u00e0utic Hospitalet-Vandell\u00f2s David Mu\u00f1oz y Andre Pi\u00f1ol han participado el pasado fin de semana 18 y 19 de Mayo en la regata N3 organizada por CN [&hellip;] <a href=\"https:\/\/old.cnhv.net\/?page_id=14942\" rel=\"bookmark\">more<\/a><\/p>\n","protected":false},"author":1,"featured_media":0,"parent":14933,"menu_order":3,"comment_status":"closed","ping_status":"closed","template":"","meta":{"ngg_post_thumbnail":0},"_links":{"self":[{"href":"https:\/\/old.cnhv.net\/index.php?rest_route=\/wp\/v2\/pages\/14942"}],"collection":[{"href":"https:\/\/old.cnhv.net\/index.php?rest_route=\/wp\/v2\/pages"}],"about":[{"href":"https:\/\/old.cnhv.net\/index.php?rest_route=\/wp\/v2\/types\/page"}],"author":[{"embeddable":true,"href":"https:\/\/old.cnhv.net\/index.php?rest_route=\/wp\/v2\/users\/1"}],"replies":[{"embeddable":true,"href":"https:\/\/old.cnhv.net\/index.php?rest_route=%2Fwp%2Fv2%2Fcomments&post=14942"}],"version-history":[{"count":2,"href":"https:\/\/old.cnhv.net\/index.php?rest_route=\/wp\/v2\/pages\/14942\/revisions"}],"predecessor-version":[{"id":14945,"href":"https:\/\/old.cnhv.net\/index.php?rest_route=\/wp\/v2\/pages\/14942\/revisions\/14945"}],"up":[{"embeddable":true,"href":"https:\/\/old.cnhv.net\/index.php?rest_route=\/wp\/v2\/pages\/14933"}],"wp:attachment":[{"href":"https:\/\/old.cnhv.net\/index.php?rest_route=%2Fwp%2Fv2%2Fmedia&parent=14942"}],"curies":[{"name":"wp","href":"https:\/\/api.w.org\/{rel}","templated":true}]}}