
{"id":14977,"date":"2019-07-04T16:47:30","date_gmt":"2019-07-04T16:47:30","guid":{"rendered":"https:\/\/www.cnhv.net\/?page_id=14977"},"modified":"2021-07-02T15:05:00","modified_gmt":"2021-07-02T15:05:00","slug":"semana-vela-catalana-2019","status":"publish","type":"page","link":"https:\/\/old.cnhv.net\/?page_id=14977","title":{"rendered":"Semana Vela Catalana 2019"},"content":{"rendered":"<p><a href=\"https:\/\/www.cnhv.net\/wp-content\/uploads\/2019\/05\/firma-semana-vela-catalana.jpg\"><img decoding=\"async\" loading=\"lazy\" class=\"aligncenter size-full wp-image-14896\" src=\"https:\/\/www.cnhv.net\/wp-content\/uploads\/2019\/05\/firma-semana-vela-catalana.jpg\" alt=\"\" width=\"550\" height=\"413\" srcset=\"https:\/\/old.cnhv.net\/wp-content\/uploads\/2019\/05\/firma-semana-vela-catalana.jpg 550w, https:\/\/old.cnhv.net\/wp-content\/uploads\/2019\/05\/firma-semana-vela-catalana-300x225.jpg 300w, https:\/\/old.cnhv.net\/wp-content\/uploads\/2019\/05\/firma-semana-vela-catalana-100x75.jpg 100w\" sizes=\"(max-width: 550px) 100vw, 550px\" \/><\/a><\/p>\n<p>La XXXII Semana Catalana de Vela 2019 \u2013 Grand Prix de la Generalitat de Catalu\u00f1a se disputar\u00e1 en aguas de l&#8217;Hospitalet de l&#8217;Infant los d\u00edas 7 y 8 de septiembre. Por segundo a\u00f1o consecutivo, el Club N\u00e1utico Hospitalet-Vandell\u00f2s (CNHV) volver\u00e1 a organizar la regata m\u00e1s importante del calendario anual de la Federaci\u00f3n Catalana de Vela.<\/p>\n<p>En este acontecimiento se prev\u00e9 una participaci\u00f3n de m\u00e1s de 300 embarcaciones y 30 Clubes. Esta competici\u00f3n contar\u00e1 con el apoyo de los principales organismos y entidades deportivas, as\u00ed como del Ayuntamiento de Vandell\u00f2s y l&#8217;Hospitalet de l&#8217;Infant.<\/p>\n<p>Para ayudar a financiar la Semana Catalana de Vela 2019, de la cual es titular y propietaria la Federaci\u00f3n Catalana de Vela, el Ayuntamiento de Vandell\u00f2s y el Hosptialet del Ni\u00f1o se ha comprometido, en concreto, a otorgar una subvenci\u00f3n de 12.000 euros al Club N\u00e1utico y a apoyar material y t\u00e9cnico en la organizaci\u00f3n. Esto consta al convenio de colaboraci\u00f3n que firmaron ayer martes 11 de junio el alcalde en funciones, Alfons Garcia; y el presidente del Club N\u00e1utico, Llu\u00eds Coll, en representaci\u00f3n de ambas partes.<\/p>\n<p>Por su parte, el Club N\u00e1utico se ha comprometido a destinar el importe \u00edntegro de la subvenci\u00f3n a la organizaci\u00f3n de esta regata y a asumir el \u00abbuen funcionamiento de las \u00e1reas de mar y de tierra; los aspectos organizativos referentes a la infraestructura y medios de la sede y a la gesti\u00f3n, ejecuci\u00f3n y coordinaci\u00f3n del presupuesto de la regata; as\u00ed como a facilitar el uso de la instalaci\u00f3n portuaria para la celebraci\u00f3n del acontecimiento\u00bb.<\/p>\n<p><a href=\"https:\/\/www.cnhv.net\/wp-content\/uploads\/2019\/05\/NORSCV19-1.pdf\" class=\"mtli_attachment mtli_pdf\" target=\"_blank\" rel=\"noopener noreferrer\">Anuncio de Regata<\/a><\/p>\n<p>Clases y Niveles:<\/p>\n<ul>\n<li>Optimist G1 \/ G2 \/ G3 (Nivell 3)<\/li>\n<li>L\u00e0ser 4.7 (Nivell 2)<\/li>\n<li>L\u00e0ser Radial (Nivell 2)<\/li>\n<li>L\u00e0ser Standar (Nivell 2)<\/li>\n<li>Snipe (Nivell 3)<\/li>\n<li>420 (Nivell 2)<\/li>\n<li>Windsurf Techno (Nivell 2)<\/li>\n<li>Windsurf Raceboard (Nivell 2)<\/li>\n<li>Windsurf RS:X (Nivell 2)<\/li>\n<li>Windsurf Division2 (Nivell 3)<\/li>\n<li>Vela adaptada 2.4 (Nivell 3)<\/li>\n<li>Creuer (Nivell 3)<\/li>\n<li>Finn (Nivell 2)<\/li>\n<li>Pat\u00ed a Vela ( Nivell 3)<\/li>\n<li>Europa ( Nivell 3)<\/li>\n<li>Catamar\u00e0 ( Nivell 3)<\/li>\n<\/ul>\n<table class=\" aligncenter\" style=\"height: 324px;\" width=\"973\" cellspacing=\"50\">\n<tbody>\n<tr>\n<td><a href=\"https:\/\/www.cnhv.net\/wp-content\/uploads\/2019\/05\/Ajunt_Vande_Hospi_color_V.jpg\"><img decoding=\"async\" loading=\"lazy\" class=\"wp-image-14897 alignleft\" src=\"https:\/\/www.cnhv.net\/wp-content\/uploads\/2019\/05\/Ajunt_Vande_Hospi_color_V-300x186.jpg\" alt=\"\" width=\"353\" height=\"219\" srcset=\"https:\/\/old.cnhv.net\/wp-content\/uploads\/2019\/05\/Ajunt_Vande_Hospi_color_V-300x186.jpg 300w, https:\/\/old.cnhv.net\/wp-content\/uploads\/2019\/05\/Ajunt_Vande_Hospi_color_V-768x475.jpg 768w, https:\/\/old.cnhv.net\/wp-content\/uploads\/2019\/05\/Ajunt_Vande_Hospi_color_V-100x62.jpg 100w, https:\/\/old.cnhv.net\/wp-content\/uploads\/2019\/05\/Ajunt_Vande_Hospi_color_V.jpg 1004w\" sizes=\"(max-width: 353px) 100vw, 353px\" \/><\/a><\/td>\n<td><a href=\"https:\/\/www.cnhv.net\/wp-content\/uploads\/2019\/05\/Logo-Semana-Catalana.jpg\"><img decoding=\"async\" loading=\"lazy\" class=\"alignleft wp-image-14761 \" src=\"https:\/\/www.cnhv.net\/wp-content\/uploads\/2019\/05\/Logo-Semana-Catalana-300x127.jpg\" alt=\"\" width=\"367\" height=\"155\" srcset=\"https:\/\/old.cnhv.net\/wp-content\/uploads\/2019\/05\/Logo-Semana-Catalana-300x127.jpg 300w, https:\/\/old.cnhv.net\/wp-content\/uploads\/2019\/05\/Logo-Semana-Catalana-100x42.jpg 100w, https:\/\/old.cnhv.net\/wp-content\/uploads\/2019\/05\/Logo-Semana-Catalana.jpg 566w\" sizes=\"(max-width: 367px) 100vw, 367px\" \/><\/a><\/td>\n<td><a href=\"https:\/\/www.cnhv.net\/wp-content\/uploads\/2019\/05\/fiatc.jpg\"><img decoding=\"async\" loading=\"lazy\" class=\"aligncenter wp-image-14898 size-medium\" src=\"https:\/\/www.cnhv.net\/wp-content\/uploads\/2019\/05\/fiatc-300x100.jpg\" alt=\"\" width=\"300\" height=\"100\" srcset=\"https:\/\/old.cnhv.net\/wp-content\/uploads\/2019\/05\/fiatc-300x100.jpg 300w, https:\/\/old.cnhv.net\/wp-content\/uploads\/2019\/05\/fiatc-768x256.jpg 768w, https:\/\/old.cnhv.net\/wp-content\/uploads\/2019\/05\/fiatc-1024x341.jpg 1024w, https:\/\/old.cnhv.net\/wp-content\/uploads\/2019\/05\/fiatc-100x33.jpg 100w, https:\/\/old.cnhv.net\/wp-content\/uploads\/2019\/05\/fiatc.jpg 1417w\" sizes=\"(max-width: 300px) 100vw, 300px\" \/><\/a><\/td>\n<\/tr>\n<\/tbody>\n<\/table>\n<p>&nbsp;<\/p>","protected":false},"excerpt":{"rendered":"<p>La XXXII Semana Catalana de Vela 2019 \u2013 Grand Prix de la Generalitat de Catalu\u00f1a se disputar\u00e1 en aguas de l&#8217;Hospitalet de l&#8217;Infant los d\u00edas 7 y 8 de septiembre. [&hellip;] <a href=\"https:\/\/old.cnhv.net\/?page_id=14977\" rel=\"bookmark\">more<\/a><\/p>\n","protected":false},"author":1,"featured_media":0,"parent":14933,"menu_order":5,"comment_status":"closed","ping_status":"closed","template":"pg-tpl-no-sidebars.php","meta":{"ngg_post_thumbnail":0},"_links":{"self":[{"href":"https:\/\/old.cnhv.net\/index.php?rest_route=\/wp\/v2\/pages\/14977"}],"collection":[{"href":"https:\/\/old.cnhv.net\/index.php?rest_route=\/wp\/v2\/pages"}],"about":[{"href":"https:\/\/old.cnhv.net\/index.php?rest_route=\/wp\/v2\/types\/page"}],"author":[{"embeddable":true,"href":"https:\/\/old.cnhv.net\/index.php?rest_route=\/wp\/v2\/users\/1"}],"replies":[{"embeddable":true,"href":"https:\/\/old.cnhv.net\/index.php?rest_route=%2Fwp%2Fv2%2Fcomments&post=14977"}],"version-history":[{"count":2,"href":"https:\/\/old.cnhv.net\/index.php?rest_route=\/wp\/v2\/pages\/14977\/revisions"}],"predecessor-version":[{"id":14980,"href":"https:\/\/old.cnhv.net\/index.php?rest_route=\/wp\/v2\/pages\/14977\/revisions\/14980"}],"up":[{"embeddable":true,"href":"https:\/\/old.cnhv.net\/index.php?rest_route=\/wp\/v2\/pages\/14933"}],"wp:attachment":[{"href":"https:\/\/old.cnhv.net\/index.php?rest_route=%2Fwp%2Fv2%2Fmedia&parent=14977"}],"curies":[{"name":"wp","href":"https:\/\/api.w.org\/{rel}","templated":true}]}}