
{"id":15201,"date":"2019-08-28T21:29:49","date_gmt":"2019-08-28T21:29:49","guid":{"rendered":"https:\/\/www.cnhv.net\/?page_id=15201"},"modified":"2019-08-28T21:29:49","modified_gmt":"2019-08-28T21:29:49","slug":"ii-selectiva-camp-cat-individual-2018","status":"publish","type":"page","link":"https:\/\/old.cnhv.net\/?page_id=15201","title":{"rendered":"II Selectiva Camp. Cat. Individual 2018"},"content":{"rendered":"<p>Ayer Domingo 15 de Abril, se llevo acabo la II selectiva del Campeonato de Catalu\u00f1a individual de&nbsp;<span class=\"highlightNode\">pesca submarina<\/span>. La prueba se realizo entre la escollera del puerto de Matar\u00f3 y el puerto de Premi\u00e0. Las condiciones fueron bastante adversas debido a las lluvias de los \u00faltimos d\u00edas. A esta prueba estaban inscritos un total de 43 participantes entre los cuales no se encontraba el actual campe\u00f3n de Catalu\u00f1a Eloy Mart\u00ednez debido a un accidente laboral que le impedir\u00e1 participar e<span class=\"text_exposed_show\">n estos campeonatos.<br \/>\nRealizado el pesaje, el vencedor de esta prueba fue el pescador del SPAS Roger Amat con un total de 11 capturas y 11.475 pts.<br \/>\nEl segundo clasificado fue el Pescador del&nbsp;<span class=\"highlightNode\">CNHV<\/span>&nbsp;Manuel G\u00e1lvez con un total de 10 capturas y 10.355 pts.<br \/>\nTercer clasificado fue el pescador del SPAS Xavi Blanco con un total de 8 capturas y 8.135 pts.<br \/>\nLa ultima prueba se realizara el pr\u00f3ximo d\u00eda 6 de mayo en aguas de Tamariu.<\/span><\/p>\n<p><a href=\"https:\/\/photos.app.goo.gl\/ocxNQ4ZBFkoWdA2k1\">Ver fotos<\/a><\/p>","protected":false},"excerpt":{"rendered":"<p>Ayer Domingo 15 de Abril, se llevo acabo la II selectiva del Campeonato de Catalu\u00f1a individual de&nbsp;pesca submarina. La prueba se realizo entre la escollera del puerto de Matar\u00f3 y [&hellip;] <a href=\"https:\/\/old.cnhv.net\/?page_id=15201\" rel=\"bookmark\">more<\/a><\/p>\n","protected":false},"author":1,"featured_media":0,"parent":15198,"menu_order":0,"comment_status":"closed","ping_status":"closed","template":"pg-tpl-no-sidebars.php","meta":{"ngg_post_thumbnail":0},"_links":{"self":[{"href":"https:\/\/old.cnhv.net\/index.php?rest_route=\/wp\/v2\/pages\/15201"}],"collection":[{"href":"https:\/\/old.cnhv.net\/index.php?rest_route=\/wp\/v2\/pages"}],"about":[{"href":"https:\/\/old.cnhv.net\/index.php?rest_route=\/wp\/v2\/types\/page"}],"author":[{"embeddable":true,"href":"https:\/\/old.cnhv.net\/index.php?rest_route=\/wp\/v2\/users\/1"}],"replies":[{"embeddable":true,"href":"https:\/\/old.cnhv.net\/index.php?rest_route=%2Fwp%2Fv2%2Fcomments&post=15201"}],"version-history":[{"count":1,"href":"https:\/\/old.cnhv.net\/index.php?rest_route=\/wp\/v2\/pages\/15201\/revisions"}],"predecessor-version":[{"id":15202,"href":"https:\/\/old.cnhv.net\/index.php?rest_route=\/wp\/v2\/pages\/15201\/revisions\/15202"}],"up":[{"embeddable":true,"href":"https:\/\/old.cnhv.net\/index.php?rest_route=\/wp\/v2\/pages\/15198"}],"wp:attachment":[{"href":"https:\/\/old.cnhv.net\/index.php?rest_route=%2Fwp%2Fv2%2Fmedia&parent=15201"}],"curies":[{"name":"wp","href":"https:\/\/api.w.org\/{rel}","templated":true}]}}