
{"id":15208,"date":"2019-08-28T21:36:14","date_gmt":"2019-08-28T21:36:14","guid":{"rendered":"https:\/\/www.cnhv.net\/?page_id=15208"},"modified":"2019-08-28T21:36:14","modified_gmt":"2019-08-28T21:36:14","slug":"copa-catalana-solidaria-2018-iv-trofeo-cnhv","status":"publish","type":"page","link":"https:\/\/old.cnhv.net\/?page_id=15208","title":{"rendered":"COPA CATALANA SOLIDARIA 2018 &#8211; IV TROFEO CNHV"},"content":{"rendered":"<p><\/p>\n<p style=\"font-weight: 400;\">El Domingo d\u00eda 18 de noviembre se ha celebrado la Copa Catalana 2018 &#8211; IV Trofeo CNHV. El d\u00eda se levantaba con mar de fondo, agua muy sucia y levante una vez sali\u00f3 el Sol. Se presentaba un d\u00eda muy duro no solo de pesca sino de navegar con mala mar y fuerte viento.&nbsp;<\/p>\n<p style=\"font-weight: 400;\">Estaba previsto una participaci\u00f3n de 15 equipos compuestos por 3 integrantes por barca, al final solo 5 embarcaciones decidieron tomar parte a pesar del tiempo adverso.<\/p>\n<p style=\"font-weight: 400;\">A mitad de jornada 2 embarcaciones decidieron retirarse por la mala visibilidad bajo el agua y el fuerte oleaje con nulas capturas. A 3\/4 de jornada otra embarcaci\u00f3n tuvo que retirarse con una pieza que le vali\u00f3 el 3er puesto, equipo formado por socios del CNHV.&nbsp;<\/p>\n<p style=\"font-weight: 400;\">As\u00ed que el equipo de Xavi Blanco del SPAS y la otra embarcaci\u00f3n del C.A.S.E.P. se jugaban la 1era posici\u00f3n.<\/p>\n<p style=\"font-weight: 400;\">Al final la b\u00e1scula dio el triunfo por la diferencia de solo 600 puntos al equipo del C.A.S.E.P. como campe\u00f3n de la Copa Catalana 2018 &#8211; IV Trofeo CNHV con una pesca de 8 lisas.<\/p>\n<p style=\"font-weight: 400;\">El equipo del SPAS accedi\u00f3 asi al segundo puesto con 4 espetones y 1 sargo.<\/p>\n<p style=\"font-weight: 400;\">Al final del pesaje y entrega de trofeos se realiz\u00f3 como ya se lleva haciendo desde el primer d\u00eda una barbacoa para los participantes y colaboradores.<\/p>\n<p>Como siempre se viene realizando en este tipo de eventos, el pescado capturado &nbsp;fue entregado al comedor social de Bonavista , ASSOC.SOCIOEDUCATIVA JOVENTUT i VIDA.<\/p>\nngg_shortcode_0_placeholder\n<p><a href=\"https:\/\/www.cnhv.net\/?attachment_id=14567\" rel=\"attachment wp-att-14567\">REGLAMENTO COPA CATALANA 2018<\/a><\/p>\n<p><a href=\"https:\/\/www.cnhv.net\/?attachment_id=14568\" rel=\"attachment wp-att-14568\"><img decoding=\"async\" loading=\"lazy\" class=\"aligncenter size-full wp-image-14568\" src=\"https:\/\/www.cnhv.net\/wp-content\/uploads\/2018\/10\/Cartel-copa-Catalana-2018.jpg\" alt=\"\" width=\"1500\" height=\"1086\" srcset=\"https:\/\/old.cnhv.net\/wp-content\/uploads\/2018\/10\/Cartel-copa-Catalana-2018.jpg 1500w, https:\/\/old.cnhv.net\/wp-content\/uploads\/2018\/10\/Cartel-copa-Catalana-2018-300x217.jpg 300w, https:\/\/old.cnhv.net\/wp-content\/uploads\/2018\/10\/Cartel-copa-Catalana-2018-768x556.jpg 768w, https:\/\/old.cnhv.net\/wp-content\/uploads\/2018\/10\/Cartel-copa-Catalana-2018-1024x741.jpg 1024w, https:\/\/old.cnhv.net\/wp-content\/uploads\/2018\/10\/Cartel-copa-Catalana-2018-100x72.jpg 100w\" sizes=\"(max-width: 1500px) 100vw, 1500px\" \/><\/a><\/p>","protected":false},"excerpt":{"rendered":"<p>El Domingo d\u00eda 18 de noviembre se ha celebrado la Copa Catalana 2018 &#8211; IV Trofeo CNHV. El d\u00eda se levantaba con mar de fondo, agua muy sucia y levante [&hellip;] <a href=\"https:\/\/old.cnhv.net\/?page_id=15208\" rel=\"bookmark\">more<\/a><\/p>\n","protected":false},"author":1,"featured_media":0,"parent":15198,"menu_order":2,"comment_status":"closed","ping_status":"closed","template":"pg-tpl-no-sidebars.php","meta":{"ngg_post_thumbnail":0},"_links":{"self":[{"href":"https:\/\/old.cnhv.net\/index.php?rest_route=\/wp\/v2\/pages\/15208"}],"collection":[{"href":"https:\/\/old.cnhv.net\/index.php?rest_route=\/wp\/v2\/pages"}],"about":[{"href":"https:\/\/old.cnhv.net\/index.php?rest_route=\/wp\/v2\/types\/page"}],"author":[{"embeddable":true,"href":"https:\/\/old.cnhv.net\/index.php?rest_route=\/wp\/v2\/users\/1"}],"replies":[{"embeddable":true,"href":"https:\/\/old.cnhv.net\/index.php?rest_route=%2Fwp%2Fv2%2Fcomments&post=15208"}],"version-history":[{"count":1,"href":"https:\/\/old.cnhv.net\/index.php?rest_route=\/wp\/v2\/pages\/15208\/revisions"}],"predecessor-version":[{"id":15209,"href":"https:\/\/old.cnhv.net\/index.php?rest_route=\/wp\/v2\/pages\/15208\/revisions\/15209"}],"up":[{"embeddable":true,"href":"https:\/\/old.cnhv.net\/index.php?rest_route=\/wp\/v2\/pages\/15198"}],"wp:attachment":[{"href":"https:\/\/old.cnhv.net\/index.php?rest_route=%2Fwp%2Fv2%2Fmedia&parent=15208"}],"curies":[{"name":"wp","href":"https:\/\/api.w.org\/{rel}","templated":true}]}}