
{"id":15266,"date":"2019-08-30T21:58:45","date_gmt":"2019-08-30T21:58:45","guid":{"rendered":"https:\/\/www.cnhv.net\/?page_id=15266"},"modified":"2019-08-30T21:58:45","modified_gmt":"2019-08-30T21:58:45","slug":"jornada-de-limpieza-de-playas-2017","status":"publish","type":"page","link":"https:\/\/old.cnhv.net\/?page_id=15266","title":{"rendered":"Jornada de limpieza de playas 2017"},"content":{"rendered":"<p>El domingo d\u00eda 15 de octubre, Glups Diving Cambrils-Hospitalet de l\u2019Infant junto con el Ajuntament de Vandell\u00f2s i Hospitalet de l\u2019Infant, ha organizado una jornada de \u201cLimpieza de Playas\u201d.<br \/>\nLa limpieza de playas se realizar\u00e1 en la playa del Arenal (Hospitalet de l\u2019Infant), tanto en el fondo como en tierra.<br \/>\nEn este evento han participado tanto los buceadores con botella, buceo a pulm\u00f3n, buceo en snorkel y en la misma playa desde tierra.<br \/>\nEl CNHV, a trav\u00e9s de la escuela de vela y la secci\u00f3n de pesca submarina ha colaborado en la limpieza del fondo marino y playas, estamos muy concienciados en la conservaci\u00f3n del medio ambiente y m\u00e1s en el medio en que nosotros desarrollamos nuestras actividades.<\/p>\n<p>Al final de la jornada se ha realizado una comida para todos los participantes.<\/p>\nngg_shortcode_0_placeholder\n<p><a href=\"http:\/\/www.cnhv.net\/wp-content\/uploads\/2017\/10\/GLUPS-Limpieza-de-playas-2.jpg\"><img decoding=\"async\" loading=\"lazy\" class=\"aligncenter size-full wp-image-12573\" src=\"http:\/\/www.cnhv.net\/wp-content\/uploads\/2017\/10\/GLUPS-Limpieza-de-playas-2.jpg\" alt=\"\" width=\"842\" height=\"1191\" srcset=\"https:\/\/old.cnhv.net\/wp-content\/uploads\/2017\/10\/GLUPS-Limpieza-de-playas-2.jpg 842w, https:\/\/old.cnhv.net\/wp-content\/uploads\/2017\/10\/GLUPS-Limpieza-de-playas-2-212x300.jpg 212w, https:\/\/old.cnhv.net\/wp-content\/uploads\/2017\/10\/GLUPS-Limpieza-de-playas-2-768x1086.jpg 768w, https:\/\/old.cnhv.net\/wp-content\/uploads\/2017\/10\/GLUPS-Limpieza-de-playas-2-724x1024.jpg 724w, https:\/\/old.cnhv.net\/wp-content\/uploads\/2017\/10\/GLUPS-Limpieza-de-playas-2-71x100.jpg 71w\" sizes=\"(max-width: 842px) 100vw, 842px\" \/><\/a><\/p>","protected":false},"excerpt":{"rendered":"<p>El domingo d\u00eda 15 de octubre, Glups Diving Cambrils-Hospitalet de l\u2019Infant junto con el Ajuntament de Vandell\u00f2s i Hospitalet de l\u2019Infant, ha organizado una jornada de \u201cLimpieza de Playas\u201d. La [&hellip;] <a href=\"https:\/\/old.cnhv.net\/?page_id=15266\" rel=\"bookmark\">more<\/a><\/p>\n","protected":false},"author":1,"featured_media":0,"parent":15221,"menu_order":4,"comment_status":"closed","ping_status":"closed","template":"pg-tpl-no-sidebars.php","meta":{"ngg_post_thumbnail":0},"_links":{"self":[{"href":"https:\/\/old.cnhv.net\/index.php?rest_route=\/wp\/v2\/pages\/15266"}],"collection":[{"href":"https:\/\/old.cnhv.net\/index.php?rest_route=\/wp\/v2\/pages"}],"about":[{"href":"https:\/\/old.cnhv.net\/index.php?rest_route=\/wp\/v2\/types\/page"}],"author":[{"embeddable":true,"href":"https:\/\/old.cnhv.net\/index.php?rest_route=\/wp\/v2\/users\/1"}],"replies":[{"embeddable":true,"href":"https:\/\/old.cnhv.net\/index.php?rest_route=%2Fwp%2Fv2%2Fcomments&post=15266"}],"version-history":[{"count":1,"href":"https:\/\/old.cnhv.net\/index.php?rest_route=\/wp\/v2\/pages\/15266\/revisions"}],"predecessor-version":[{"id":15267,"href":"https:\/\/old.cnhv.net\/index.php?rest_route=\/wp\/v2\/pages\/15266\/revisions\/15267"}],"up":[{"embeddable":true,"href":"https:\/\/old.cnhv.net\/index.php?rest_route=\/wp\/v2\/pages\/15221"}],"wp:attachment":[{"href":"https:\/\/old.cnhv.net\/index.php?rest_route=%2Fwp%2Fv2%2Fmedia&parent=15266"}],"curies":[{"name":"wp","href":"https:\/\/api.w.org\/{rel}","templated":true}]}}