
{"id":15274,"date":"2019-09-04T21:23:10","date_gmt":"2019-09-04T21:23:10","guid":{"rendered":"https:\/\/www.cnhv.net\/?page_id=15274"},"modified":"2019-09-04T21:23:10","modified_gmt":"2019-09-04T21:23:10","slug":"1a-salida-social-pescasub-2017","status":"publish","type":"page","link":"https:\/\/old.cnhv.net\/?page_id=15274","title":{"rendered":"1\u00aa Salida social Pescasub 2017"},"content":{"rendered":"<p>La secci\u00f3n deportiva de pesca submarina del CNHV organizo este pasado s\u00e1bado 22 de abril, su primera salida de equipos en las instalaciones del club.<\/p>\n<p>Este salida se realiza con el fin de formar equipos y entrenar para el campeonato de Catalu\u00f1a de equipos que se celebrara el pr\u00f3ximo 27 de mayo en Ll\u00e1n\u00e7a.<\/p>\n<p>Los seis equipos participantes dieron comienzo a la salida a las 8:30h, el d\u00eda amanec\u00eda tranquilo, sin viento, pero con una mar revuelta tras el peque\u00f1o temporal que hubo en la zona entre el mi\u00e9rcoles y jueves que ensucio las aguas.<\/p>\n<p>Tras los primeros lances y ver que el agua esta bastante sucia,&nbsp;con algo de corriente y con muy poco pescado casi todos los equipos deciden pescar a poca agua buscado las lisas o salpas.<\/p>\n<p>A las 14:00h &nbsp;todos los equipos participantes se reunieron en el puerto y dieron por finalizada la salida.<\/p>\n<p>El equipo ganador fue el compuesto por Jordi, Jose y Oscar que lograron capturar 6 piezas entre ellas varios espetones de buen porte que les dio una puntuaci\u00f3n &nbsp;total de<\/p>\n<p>16.900 puntos.<\/p>\n<p>El segundo equipo clasificado fue el compuesto por Merino, Joan y Oriol que con 5 piezas entre ellas un par de dentones y un hermoso mero les dio una puntuaci\u00f3n total de 12.470 puntos.<\/p>\n<p>El Ultimo equipo en subirse al podio fue el compuesto por Alebrt y Pep&nbsp;que contando con un participante menos en su equipo logro capturar 6 piezas que les dio una puntuaci\u00f3n de&nbsp;12.015 puntos y los catapulto al la tercera posici\u00f3n.<\/p>\n<p>Los cuartos clasificados Andreu; Matias y Fran que capturaron un total de 6 piezas.<\/p>\n<p>Quintos fueron Cueto, Miki y Escu que lograron capturar 5 piezas y sextos fueron los inseparables Pescaman y Jose que lograron capturar 2 piezas.<\/p>\nngg_shortcode_0_placeholder\n<p><\/p>","protected":false},"excerpt":{"rendered":"<p>La secci\u00f3n deportiva de pesca submarina del CNHV organizo este pasado s\u00e1bado 22 de abril, su primera salida de equipos en las instalaciones del club. Este salida se realiza con [&hellip;] <a href=\"https:\/\/old.cnhv.net\/?page_id=15274\" rel=\"bookmark\">more<\/a><\/p>\n","protected":false},"author":1,"featured_media":0,"parent":12650,"menu_order":1,"comment_status":"closed","ping_status":"closed","template":"pg-tpl-no-sidebars.php","meta":{"ngg_post_thumbnail":0},"_links":{"self":[{"href":"https:\/\/old.cnhv.net\/index.php?rest_route=\/wp\/v2\/pages\/15274"}],"collection":[{"href":"https:\/\/old.cnhv.net\/index.php?rest_route=\/wp\/v2\/pages"}],"about":[{"href":"https:\/\/old.cnhv.net\/index.php?rest_route=\/wp\/v2\/types\/page"}],"author":[{"embeddable":true,"href":"https:\/\/old.cnhv.net\/index.php?rest_route=\/wp\/v2\/users\/1"}],"replies":[{"embeddable":true,"href":"https:\/\/old.cnhv.net\/index.php?rest_route=%2Fwp%2Fv2%2Fcomments&post=15274"}],"version-history":[{"count":1,"href":"https:\/\/old.cnhv.net\/index.php?rest_route=\/wp\/v2\/pages\/15274\/revisions"}],"predecessor-version":[{"id":15275,"href":"https:\/\/old.cnhv.net\/index.php?rest_route=\/wp\/v2\/pages\/15274\/revisions\/15275"}],"up":[{"embeddable":true,"href":"https:\/\/old.cnhv.net\/index.php?rest_route=\/wp\/v2\/pages\/12650"}],"wp:attachment":[{"href":"https:\/\/old.cnhv.net\/index.php?rest_route=%2Fwp%2Fv2%2Fmedia&parent=15274"}],"curies":[{"name":"wp","href":"https:\/\/api.w.org\/{rel}","templated":true}]}}