
{"id":15791,"date":"2021-02-28T09:47:58","date_gmt":"2021-02-28T09:47:58","guid":{"rendered":"https:\/\/www.cnhv.net\/?page_id=15791"},"modified":"2021-03-01T22:49:14","modified_gmt":"2021-03-01T22:49:14","slug":"proyecto-de-ampliacion-del-puerto","status":"publish","type":"page","link":"https:\/\/old.cnhv.net\/?page_id=15791","title":{"rendered":"Proyecto de Ampliaci\u00f3n del Puerto"},"content":{"rendered":"<p>AMPLIACI\u00d3N PORT CLUB N\u00c0UTIC HOSPITALET-VANDELL\u00d2S<\/p>\n<p>&nbsp;<\/p>\n<p>El proyecto b\u00e1sico, que se adjunta, es el resultado de numerosos borradores que se estudiaron y valoraron con anterioridad. Este proyecto se present\u00f3 al Ayuntamiento y se adjunt\u00f3 al \u00faltimo y vigente \u201cPla d&#8217;Ordenaci\u00f3 Urban\u00edstica Municipal\u201d (POUM).<\/p>\n<p>En este proyecto cabe destacar:<\/p>\n<p>-Duplica la superficie de agua destinada a amarres.<\/p>\n<p>-Duplica la superficie destinada a pantalanes.<\/p>\n<p>-Representa un incremento de 392 amarres, elevando el porcentaje de mayor dimensi\u00f3n.<\/p>\n<p>-Aumenta considerablemente el calado actual, garantizando m\u00e1s de cuatro metros.<\/p>\n<p>-Soluciona las dificultades actuales de agitaci\u00f3n interior y aterramiento de la bocana, problemas que Ports de la Generalitat ha puesto de manifiesto en diferentes estudios de puertos de Catalu\u00f1a.&nbsp;<\/p>\n<p>-Es respetuoso con las praderas de posidonia mediterr\u00e1nea pr\u00f3ximas.<\/p>\n<p>-Justifica la construcci\u00f3n de un equipo de Lifting para las embarcaciones de mayor tama\u00f1o.<\/p>\n<p>-Integrado en la remodelaci\u00f3n del paseo mar\u00edtimo, con una prolongaci\u00f3n peatonal del mismo, hasta un mirador con amplias vistas al mar.<\/p>\n<p>-Con el importe de la ampliaci\u00f3n se obtiene: la ampliaci\u00f3n citada y una ampliaci\u00f3n de la concesi\u00f3n actual, en extensi\u00f3n (lo actual m\u00e1s lo nuevo) y plazo, (25 a\u00f1os de concesi\u00f3n para lo actual y lo nuevo, a contar desde el 2031).<\/p>\n<p>-Si no hubiera ampliaci\u00f3n, para conseguir una nueva concesi\u00f3n, s\u00f3lo de lo actual, habr\u00eda que hacer una inversi\u00f3n muy importante, antes del 2031.<\/p>\n<p>El Plan Especial, pen\u00faltimo documento a presentar a la Administraci\u00f3n, est\u00e1 en fase de ejecuci\u00f3n, con la colaboraci\u00f3n del Ayuntamiento. Aprobado este documento, habr\u00e1 que proceder a una Asamblea de socios, monogr\u00e1fica, para su discusi\u00f3n y, en su caso, aprobaci\u00f3n del proyecto, tal como se ha venido explicando en las \u00faltimas Asambleas. Finalmente, y como \u00faltimo documento, se redactar\u00e1 el Proyecto Constructivo. Todos los tr\u00e1mites y actuaciones citadas se han efectuado, durante estos \u00faltimos a\u00f1os, de acuerdo a las directrices recibidas de la Generalitat de Catalunya.<\/p>\n<p><a href=\"https:\/\/www.cnhv.net\/wp-content\/uploads\/2021\/02\/PROJECTE_BASIC.pdf\" class=\"mtli_attachment mtli_pdf\">PROJECTE_BASIC<\/a><\/p>","protected":false},"excerpt":{"rendered":"<p>AMPLIACI\u00d3N PORT CLUB N\u00c0UTIC HOSPITALET-VANDELL\u00d2S &nbsp; El proyecto b\u00e1sico, que se adjunta, es el resultado de numerosos borradores que se estudiaron y valoraron con anterioridad. Este proyecto se present\u00f3 al [&hellip;] <a href=\"https:\/\/old.cnhv.net\/?page_id=15791\" rel=\"bookmark\">more<\/a><\/p>\n","protected":false},"author":1,"featured_media":0,"parent":0,"menu_order":0,"comment_status":"closed","ping_status":"closed","template":"","meta":{"ngg_post_thumbnail":0},"_links":{"self":[{"href":"https:\/\/old.cnhv.net\/index.php?rest_route=\/wp\/v2\/pages\/15791"}],"collection":[{"href":"https:\/\/old.cnhv.net\/index.php?rest_route=\/wp\/v2\/pages"}],"about":[{"href":"https:\/\/old.cnhv.net\/index.php?rest_route=\/wp\/v2\/types\/page"}],"author":[{"embeddable":true,"href":"https:\/\/old.cnhv.net\/index.php?rest_route=\/wp\/v2\/users\/1"}],"replies":[{"embeddable":true,"href":"https:\/\/old.cnhv.net\/index.php?rest_route=%2Fwp%2Fv2%2Fcomments&post=15791"}],"version-history":[{"count":5,"href":"https:\/\/old.cnhv.net\/index.php?rest_route=\/wp\/v2\/pages\/15791\/revisions"}],"predecessor-version":[{"id":15812,"href":"https:\/\/old.cnhv.net\/index.php?rest_route=\/wp\/v2\/pages\/15791\/revisions\/15812"}],"wp:attachment":[{"href":"https:\/\/old.cnhv.net\/index.php?rest_route=%2Fwp%2Fv2%2Fmedia&parent=15791"}],"curies":[{"name":"wp","href":"https:\/\/api.w.org\/{rel}","templated":true}]}}