
{"id":17027,"date":"2022-01-07T18:10:02","date_gmt":"2022-01-07T18:10:02","guid":{"rendered":"https:\/\/www.cnhv.net\/?page_id=17027"},"modified":"2022-01-08T16:34:43","modified_gmt":"2022-01-08T16:34:43","slug":"concentracion-internacional-de-finn-en-valencia-21","status":"publish","type":"page","link":"https:\/\/old.cnhv.net\/?page_id=17027","title":{"rendered":"Concentraci\u00f3n Internacional de Finn en \u00a0Valencia\u00a021"},"content":{"rendered":"<p><\/p>\n<p style=\"font-weight: 400;\"><strong>Concentraci\u00f3n Internacional de Finn en &nbsp;Valencia&nbsp;<\/strong><\/p>\n<p style=\"font-weight: 400;\">\u201cLos hermanos regatistas de la clase Finn del Club N\u00e0utic Hospitalet-Vandell\u00f2s David Terol y Roque Terol han participado este fin de semana 13 y 14 de Marzo 2021 en una concentraci\u00f3n internacional organizada por el Real Club N\u00e1utico Valencia, donde han podido entrenar con grandes regatistas de Croacia, Finlandia, Polonia, Alemania, Argentina y Jap\u00f3n. Algunos de estos regatistas se estan preparando para las siguientes Olimpiadas y otros est\u00e1n luchando para ganar una plaza en este escenario mundial.<\/p>\n<p style=\"font-weight: 400;\">Los entrenamientos fueron muy productivos gracias a la variedad de condiciones de viento. Los regatistas se enfrentaron el s\u00e1bado a vientos del sur-oeste con intensidades de 20-25 knts y domingo navegaron con vientos del oeste que no pasaron de los 15 knts.<\/p>\n<p style=\"font-weight: 400;\">Al igual que ha ocurrido con muchos otros deportes durante este \u00faltimo a\u00f1o, las competiciones y los entrenamientos han sido muy limitados a causa de las medidas que se han aplicado para combatir &nbsp;la pandemia COVID-19, de modo que esta concentraci\u00f3n ha permitido a muchos regatistas de la clase Finn poner-se al d\u00eda y reincorporarse a sus rutinas de entrenamiento despu\u00e9s de meses sin competiciones<\/p>\n<p><a href=\"https:\/\/www.cnhv.net\/wp-content\/uploads\/2021\/03\/Concentracion-Finn.jpg\"><img decoding=\"async\" loading=\"lazy\" class=\"aligncenter size-full wp-image-15898\" src=\"https:\/\/www.cnhv.net\/wp-content\/uploads\/2021\/03\/Concentracion-Finn.jpg\" alt=\"\" width=\"388\" height=\"518\" srcset=\"https:\/\/old.cnhv.net\/wp-content\/uploads\/2021\/03\/Concentracion-Finn.jpg 388w, https:\/\/old.cnhv.net\/wp-content\/uploads\/2021\/03\/Concentracion-Finn-225x300.jpg 225w, https:\/\/old.cnhv.net\/wp-content\/uploads\/2021\/03\/Concentracion-Finn-75x100.jpg 75w\" sizes=\"(max-width: 388px) 100vw, 388px\" \/><\/a><\/p>","protected":false},"excerpt":{"rendered":"<p>Concentraci\u00f3n Internacional de Finn en &nbsp;Valencia&nbsp; \u201cLos hermanos regatistas de la clase Finn del Club N\u00e0utic Hospitalet-Vandell\u00f2s David Terol y Roque Terol han participado este fin de semana 13 y [&hellip;] <a href=\"https:\/\/old.cnhv.net\/?page_id=17027\" rel=\"bookmark\">more<\/a><\/p>\n","protected":false},"author":1,"featured_media":0,"parent":17017,"menu_order":11,"comment_status":"closed","ping_status":"closed","template":"pg-tpl-no-sidebars.php","meta":{"ngg_post_thumbnail":0},"_links":{"self":[{"href":"https:\/\/old.cnhv.net\/index.php?rest_route=\/wp\/v2\/pages\/17027"}],"collection":[{"href":"https:\/\/old.cnhv.net\/index.php?rest_route=\/wp\/v2\/pages"}],"about":[{"href":"https:\/\/old.cnhv.net\/index.php?rest_route=\/wp\/v2\/types\/page"}],"author":[{"embeddable":true,"href":"https:\/\/old.cnhv.net\/index.php?rest_route=\/wp\/v2\/users\/1"}],"replies":[{"embeddable":true,"href":"https:\/\/old.cnhv.net\/index.php?rest_route=%2Fwp%2Fv2%2Fcomments&post=17027"}],"version-history":[{"count":1,"href":"https:\/\/old.cnhv.net\/index.php?rest_route=\/wp\/v2\/pages\/17027\/revisions"}],"predecessor-version":[{"id":17028,"href":"https:\/\/old.cnhv.net\/index.php?rest_route=\/wp\/v2\/pages\/17027\/revisions\/17028"}],"up":[{"embeddable":true,"href":"https:\/\/old.cnhv.net\/index.php?rest_route=\/wp\/v2\/pages\/17017"}],"wp:attachment":[{"href":"https:\/\/old.cnhv.net\/index.php?rest_route=%2Fwp%2Fv2%2Fmedia&parent=17027"}],"curies":[{"name":"wp","href":"https:\/\/api.w.org\/{rel}","templated":true}]}}

Concentración Internacional de Finn en  Valencia 21

<p></p>
<p style="font-weight: 400;"><strong>Concentración Internacional de Finn en &nbsp;Valencia&nbsp;</strong></p>
<p style="font-weight: 400;">“Los hermanos regatistas de la clase Finn del Club Nàutic Hospitalet-Vandellòs David Terol y Roque Terol han participado este fin de semana 13 y 14 de Marzo 2021 en una concentración internacional organizada por el Real Club Náutico Valencia, donde han podido entrenar con grandes regatistas de Croacia, Finlandia, Polonia, Alemania, Argentina y Japón. Algunos de estos regatistas se estan preparando para las siguientes Olimpiadas y otros están luchando para ganar una plaza en este escenario mundial.</p>
<p style="font-weight: 400;">Los entrenamientos fueron muy productivos gracias a la variedad de condiciones de viento. Los regatistas se enfrentaron el sábado a vientos del sur-oeste con intensidades de 20-25 knts y domingo navegaron con vientos del oeste que no pasaron de los 15 knts.</p>
<p style="font-weight: 400;">Al igual que ha ocurrido con muchos otros deportes durante este último año, las competiciones y los entrenamientos han sido muy limitados a causa de las medidas que se han aplicado para combatir &nbsp;la pandemia COVID-19, de modo que esta concentración ha permitido a muchos regatistas de la clase Finn poner-se al día y reincorporarse a sus rutinas de entrenamiento después de meses sin competiciones</p>
<p><a href="https://www.cnhv.net/wp-content/uploads/2021/03/Concentracion-Finn.jpg"><img decoding="async" loading="lazy" class="aligncenter size-full wp-image-15898" src="https://www.cnhv.net/wp-content/uploads/2021/03/Concentracion-Finn.jpg" alt="" width="388" height="518" srcset="https://old.cnhv.net/wp-content/uploads/2021/03/Concentracion-Finn.jpg 388w, https://old.cnhv.net/wp-content/uploads/2021/03/Concentracion-Finn-225x300.jpg 225w, https://old.cnhv.net/wp-content/uploads/2021/03/Concentracion-Finn-75x100.jpg 75w" sizes="(max-width: 388px) 100vw, 388px" /></a></p>

<p>Concentración Internacional de Finn en &nbsp;Valencia&nbsp; “Los hermanos regatistas de la clase Finn del Club Nàutic Hospitalet-Vandellòs David Terol y Roque Terol han participado este fin de semana 13 y [&hellip;] <a href="https://old.cnhv.net/?page_id=17027" rel="bookmark">more</a></p>
