
{"id":17044,"date":"2022-01-07T18:38:06","date_gmt":"2022-01-07T18:38:06","guid":{"rendered":"https:\/\/www.cnhv.net\/?page_id=17044"},"modified":"2022-01-08T16:34:43","modified_gmt":"2022-01-08T16:34:43","slug":"gran-premi-principat-dandorra-2021","status":"publish","type":"page","link":"https:\/\/old.cnhv.net\/?page_id=17044","title":{"rendered":"Gran Premi Principat d&#8217;Andorra 2021"},"content":{"rendered":"<p>El equipo de regatas del CNHV de la clase Windsurf, ha estado este pasado fin de semana en una competici\u00f3n en el Club N\u00e1utico Balis, en una de las pruebas puntuables para el Ranking de la Federaci\u00f3n Catalana de Vela.<br \/>\nDel total de 70 inscritos de la regata, David Mu\u00f1oz y Liam Robert han realizado un buen papel representando al Club en la categor\u00eda Windsurf Iniciaci\u00f3n, finalizando en 3a y 6a posici\u00f3n respectivamente de la clasificaci\u00f3n general.<br \/>\n\u00a1Enhorabuena chicos!<\/p>\n<table>\n<tbody>\n<tr>\n<td><a href=\"https:\/\/www.cnhv.net\/wp-content\/uploads\/2021\/11\/Regata-Balis-Windsurf-2.jpg\"><img decoding=\"async\" loading=\"lazy\" class=\"aligncenter size-large wp-image-16873\" src=\"https:\/\/www.cnhv.net\/wp-content\/uploads\/2021\/11\/Regata-Balis-Windsurf-2-819x1024.jpg\" alt=\"\" width=\"640\" height=\"800\" srcset=\"https:\/\/old.cnhv.net\/wp-content\/uploads\/2021\/11\/Regata-Balis-Windsurf-2-819x1024.jpg 819w, https:\/\/old.cnhv.net\/wp-content\/uploads\/2021\/11\/Regata-Balis-Windsurf-2-240x300.jpg 240w, https:\/\/old.cnhv.net\/wp-content\/uploads\/2021\/11\/Regata-Balis-Windsurf-2-768x961.jpg 768w, https:\/\/old.cnhv.net\/wp-content\/uploads\/2021\/11\/Regata-Balis-Windsurf-2-80x100.jpg 80w, https:\/\/old.cnhv.net\/wp-content\/uploads\/2021\/11\/Regata-Balis-Windsurf-2.jpg 1080w\" sizes=\"(max-width: 640px) 100vw, 640px\" \/><\/a><\/td>\n<td><a href=\"https:\/\/www.cnhv.net\/wp-content\/uploads\/2021\/11\/Regata-Balis-Windsurf-1.jpg\"><img decoding=\"async\" loading=\"lazy\" class=\"aligncenter size-large wp-image-16872\" src=\"https:\/\/www.cnhv.net\/wp-content\/uploads\/2021\/11\/Regata-Balis-Windsurf-1-819x1024.jpg\" alt=\"\" width=\"640\" height=\"800\" srcset=\"https:\/\/old.cnhv.net\/wp-content\/uploads\/2021\/11\/Regata-Balis-Windsurf-1-819x1024.jpg 819w, https:\/\/old.cnhv.net\/wp-content\/uploads\/2021\/11\/Regata-Balis-Windsurf-1-240x300.jpg 240w, https:\/\/old.cnhv.net\/wp-content\/uploads\/2021\/11\/Regata-Balis-Windsurf-1-768x961.jpg 768w, https:\/\/old.cnhv.net\/wp-content\/uploads\/2021\/11\/Regata-Balis-Windsurf-1-80x100.jpg 80w, https:\/\/old.cnhv.net\/wp-content\/uploads\/2021\/11\/Regata-Balis-Windsurf-1.jpg 1080w\" sizes=\"(max-width: 640px) 100vw, 640px\" \/><\/a><\/td>\n<\/tr>\n<\/tbody>\n<\/table>\n<p>&nbsp;<\/p>\n<p style=\"font-weight: 400;\">El equipo de regatas de la clase ILCA 4, igual que el equipo de Optimist, ha participado este fin de semana en la regata Gran Premi Principat d&#8217;Andorra en el Club N\u00e1utico Arenys de Mar.<br \/>\nHa sido una magn\u00edfica experiencia poder disfrutar de la organizaci\u00f3n de este evento, as\u00ed como enfrentarse a las duras condiciones meteorol\u00f3gicas de este s\u00e1bado de noviembre.<br \/>\nEstas experiencias enriquecen el nivel t\u00e9cnico de nuestros regatistas. En la clase ILCA han participado en la regata un total de 60 regatistas.<\/p>\n<table>\n<tbody>\n<tr>\n<td><a href=\"https:\/\/www.cnhv.net\/wp-content\/uploads\/2021\/11\/Regata-Laser-Arenys-2.jpg\"><img decoding=\"async\" loading=\"lazy\" class=\"aligncenter size-full wp-image-16875\" src=\"https:\/\/www.cnhv.net\/wp-content\/uploads\/2021\/11\/Regata-Laser-Arenys-2.jpg\" alt=\"\" width=\"711\" height=\"889\" srcset=\"https:\/\/old.cnhv.net\/wp-content\/uploads\/2021\/11\/Regata-Laser-Arenys-2.jpg 711w, https:\/\/old.cnhv.net\/wp-content\/uploads\/2021\/11\/Regata-Laser-Arenys-2-240x300.jpg 240w, https:\/\/old.cnhv.net\/wp-content\/uploads\/2021\/11\/Regata-Laser-Arenys-2-80x100.jpg 80w\" sizes=\"(max-width: 711px) 100vw, 711px\" \/><\/a><\/td>\n<td><a href=\"https:\/\/www.cnhv.net\/wp-content\/uploads\/2021\/11\/Regata-Laser-Arenys-3.jpg\"><img decoding=\"async\" loading=\"lazy\" class=\"aligncenter size-full wp-image-16876\" src=\"https:\/\/www.cnhv.net\/wp-content\/uploads\/2021\/11\/Regata-Laser-Arenys-3.jpg\" alt=\"\" width=\"710\" height=\"888\" srcset=\"https:\/\/old.cnhv.net\/wp-content\/uploads\/2021\/11\/Regata-Laser-Arenys-3.jpg 710w, https:\/\/old.cnhv.net\/wp-content\/uploads\/2021\/11\/Regata-Laser-Arenys-3-240x300.jpg 240w, https:\/\/old.cnhv.net\/wp-content\/uploads\/2021\/11\/Regata-Laser-Arenys-3-80x100.jpg 80w\" sizes=\"(max-width: 710px) 100vw, 710px\" \/><\/a><\/td>\n<td><a href=\"https:\/\/www.cnhv.net\/wp-content\/uploads\/2021\/11\/Regata-Laser-Arenys-1.jpg\"><img decoding=\"async\" loading=\"lazy\" class=\"aligncenter size-full wp-image-16874\" src=\"https:\/\/www.cnhv.net\/wp-content\/uploads\/2021\/11\/Regata-Laser-Arenys-1.jpg\" alt=\"\" width=\"702\" height=\"878\" srcset=\"https:\/\/old.cnhv.net\/wp-content\/uploads\/2021\/11\/Regata-Laser-Arenys-1.jpg 702w, https:\/\/old.cnhv.net\/wp-content\/uploads\/2021\/11\/Regata-Laser-Arenys-1-240x300.jpg 240w, https:\/\/old.cnhv.net\/wp-content\/uploads\/2021\/11\/Regata-Laser-Arenys-1-80x100.jpg 80w\" sizes=\"(max-width: 702px) 100vw, 702px\" \/><\/a><\/td>\n<\/tr>\n<\/tbody>\n<\/table>\n<p style=\"font-weight: 400;\">&nbsp;<\/p>\n<p>Este fin de semana hemos tenido a los tres equipos del CNHV de regatas en el Maresme.<br \/>\nEl Equipo de Optimist ha participado en su primera regata de estas dimensiones fuera del club. El Gran Premi Principat d&#8217;Andorra en Arenys de Mar, ha sido una gran experiencia deportiva acompa\u00f1ada de las vivencias sociales con los miembros de su equipo y otros clubes.<br \/>\nEn la clase Optimist ha llegado a participar un centenar de regatistas.<\/p>\n<table>\n<tbody>\n<tr>\n<td><a href=\"https:\/\/www.cnhv.net\/wp-content\/uploads\/2021\/11\/Regata-Optimist-Arenys-2.jpg\"><img decoding=\"async\" loading=\"lazy\" class=\"aligncenter size-full wp-image-16879\" src=\"https:\/\/www.cnhv.net\/wp-content\/uploads\/2021\/11\/Regata-Optimist-Arenys-2.jpg\" alt=\"\" width=\"718\" height=\"898\" srcset=\"https:\/\/old.cnhv.net\/wp-content\/uploads\/2021\/11\/Regata-Optimist-Arenys-2.jpg 718w, https:\/\/old.cnhv.net\/wp-content\/uploads\/2021\/11\/Regata-Optimist-Arenys-2-240x300.jpg 240w, https:\/\/old.cnhv.net\/wp-content\/uploads\/2021\/11\/Regata-Optimist-Arenys-2-80x100.jpg 80w\" sizes=\"(max-width: 718px) 100vw, 718px\" \/><\/a><\/td>\n<td><a href=\"https:\/\/www.cnhv.net\/wp-content\/uploads\/2021\/11\/Regata-Optimist-Arenys-1.jpg\"><img decoding=\"async\" loading=\"lazy\" class=\"aligncenter size-full wp-image-16878\" src=\"https:\/\/www.cnhv.net\/wp-content\/uploads\/2021\/11\/Regata-Optimist-Arenys-1.jpg\" alt=\"\" width=\"711\" height=\"889\" srcset=\"https:\/\/old.cnhv.net\/wp-content\/uploads\/2021\/11\/Regata-Optimist-Arenys-1.jpg 711w, https:\/\/old.cnhv.net\/wp-content\/uploads\/2021\/11\/Regata-Optimist-Arenys-1-240x300.jpg 240w, https:\/\/old.cnhv.net\/wp-content\/uploads\/2021\/11\/Regata-Optimist-Arenys-1-80x100.jpg 80w\" sizes=\"(max-width: 711px) 100vw, 711px\" \/><\/a><\/td>\n<td><a href=\"https:\/\/www.cnhv.net\/wp-content\/uploads\/2021\/11\/Regata-Omptimist-Arenys-3.jpg\"><img decoding=\"async\" loading=\"lazy\" class=\"aligncenter size-large wp-image-16877\" src=\"https:\/\/www.cnhv.net\/wp-content\/uploads\/2021\/11\/Regata-Omptimist-Arenys-3-819x1024.jpg\" alt=\"\" width=\"640\" height=\"800\" srcset=\"https:\/\/old.cnhv.net\/wp-content\/uploads\/2021\/11\/Regata-Omptimist-Arenys-3-819x1024.jpg 819w, https:\/\/old.cnhv.net\/wp-content\/uploads\/2021\/11\/Regata-Omptimist-Arenys-3-240x300.jpg 240w, https:\/\/old.cnhv.net\/wp-content\/uploads\/2021\/11\/Regata-Omptimist-Arenys-3-768x960.jpg 768w, https:\/\/old.cnhv.net\/wp-content\/uploads\/2021\/11\/Regata-Omptimist-Arenys-3-80x100.jpg 80w, https:\/\/old.cnhv.net\/wp-content\/uploads\/2021\/11\/Regata-Omptimist-Arenys-3.jpg 1080w\" sizes=\"(max-width: 640px) 100vw, 640px\" \/><\/a><\/td>\n<\/tr>\n<\/tbody>\n<\/table>\n<p><\/p>","protected":false},"excerpt":{"rendered":"<p>El equipo de regatas del CNHV de la clase Windsurf, ha estado este pasado fin de semana en una competici\u00f3n en el Club N\u00e1utico Balis, en una de las pruebas [&hellip;] <a href=\"https:\/\/old.cnhv.net\/?page_id=17044\" rel=\"bookmark\">more<\/a><\/p>\n","protected":false},"author":1,"featured_media":0,"parent":17017,"menu_order":1,"comment_status":"closed","ping_status":"closed","template":"pg-tpl-no-sidebars.php","meta":{"ngg_post_thumbnail":0},"_links":{"self":[{"href":"https:\/\/old.cnhv.net\/index.php?rest_route=\/wp\/v2\/pages\/17044"}],"collection":[{"href":"https:\/\/old.cnhv.net\/index.php?rest_route=\/wp\/v2\/pages"}],"about":[{"href":"https:\/\/old.cnhv.net\/index.php?rest_route=\/wp\/v2\/types\/page"}],"author":[{"embeddable":true,"href":"https:\/\/old.cnhv.net\/index.php?rest_route=\/wp\/v2\/users\/1"}],"replies":[{"embeddable":true,"href":"https:\/\/old.cnhv.net\/index.php?rest_route=%2Fwp%2Fv2%2Fcomments&post=17044"}],"version-history":[{"count":1,"href":"https:\/\/old.cnhv.net\/index.php?rest_route=\/wp\/v2\/pages\/17044\/revisions"}],"predecessor-version":[{"id":17045,"href":"https:\/\/old.cnhv.net\/index.php?rest_route=\/wp\/v2\/pages\/17044\/revisions\/17045"}],"up":[{"embeddable":true,"href":"https:\/\/old.cnhv.net\/index.php?rest_route=\/wp\/v2\/pages\/17017"}],"wp:attachment":[{"href":"https:\/\/old.cnhv.net\/index.php?rest_route=%2Fwp%2Fv2%2Fmedia&parent=17044"}],"curies":[{"name":"wp","href":"https:\/\/api.w.org\/{rel}","templated":true}]}}

<p>El equipo de regatas del CNHV de la clase Windsurf, ha estado este pasado fin de semana en una competición en el Club Náutico Balis, en una de las pruebas puntuables para el Ranking de la Federación Catalana de Vela.<br />
Del total de 70 inscritos de la regata, David Muñoz y Liam Robert han realizado un buen papel representando al Club en la categoría Windsurf Iniciación, finalizando en 3a y 6a posición respectivamente de la clasificación general.<br />
¡Enhorabuena chicos!</p>
<table>
<tbody>
<tr>
<td><a href="https://www.cnhv.net/wp-content/uploads/2021/11/Regata-Balis-Windsurf-2.jpg"><img decoding="async" loading="lazy" class="aligncenter size-large wp-image-16873" src="https://www.cnhv.net/wp-content/uploads/2021/11/Regata-Balis-Windsurf-2-819x1024.jpg" alt="" width="640" height="800" srcset="https://old.cnhv.net/wp-content/uploads/2021/11/Regata-Balis-Windsurf-2-819x1024.jpg 819w, https://old.cnhv.net/wp-content/uploads/2021/11/Regata-Balis-Windsurf-2-240x300.jpg 240w, https://old.cnhv.net/wp-content/uploads/2021/11/Regata-Balis-Windsurf-2-768x961.jpg 768w, https://old.cnhv.net/wp-content/uploads/2021/11/Regata-Balis-Windsurf-2-80x100.jpg 80w, https://old.cnhv.net/wp-content/uploads/2021/11/Regata-Balis-Windsurf-2.jpg 1080w" sizes="(max-width: 640px) 100vw, 640px" /></a></td>
<td><a href="https://www.cnhv.net/wp-content/uploads/2021/11/Regata-Balis-Windsurf-1.jpg"><img decoding="async" loading="lazy" class="aligncenter size-large wp-image-16872" src="https://www.cnhv.net/wp-content/uploads/2021/11/Regata-Balis-Windsurf-1-819x1024.jpg" alt="" width="640" height="800" srcset="https://old.cnhv.net/wp-content/uploads/2021/11/Regata-Balis-Windsurf-1-819x1024.jpg 819w, https://old.cnhv.net/wp-content/uploads/2021/11/Regata-Balis-Windsurf-1-240x300.jpg 240w, https://old.cnhv.net/wp-content/uploads/2021/11/Regata-Balis-Windsurf-1-768x961.jpg 768w, https://old.cnhv.net/wp-content/uploads/2021/11/Regata-Balis-Windsurf-1-80x100.jpg 80w, https://old.cnhv.net/wp-content/uploads/2021/11/Regata-Balis-Windsurf-1.jpg 1080w" sizes="(max-width: 640px) 100vw, 640px" /></a></td>
</tr>
</tbody>
</table>
<p>&nbsp;</p>
<p style="font-weight: 400;">El equipo de regatas de la clase ILCA 4, igual que el equipo de Optimist, ha participado este fin de semana en la regata Gran Premi Principat d&#8217;Andorra en el Club Náutico Arenys de Mar.<br />
Ha sido una magnífica experiencia poder disfrutar de la organización de este evento, así como enfrentarse a las duras condiciones meteorológicas de este sábado de noviembre.<br />
Estas experiencias enriquecen el nivel técnico de nuestros regatistas. En la clase ILCA han participado en la regata un total de 60 regatistas.</p>
<table>
<tbody>
<tr>
<td><a href="https://www.cnhv.net/wp-content/uploads/2021/11/Regata-Laser-Arenys-2.jpg"><img decoding="async" loading="lazy" class="aligncenter size-full wp-image-16875" src="https://www.cnhv.net/wp-content/uploads/2021/11/Regata-Laser-Arenys-2.jpg" alt="" width="711" height="889" srcset="https://old.cnhv.net/wp-content/uploads/2021/11/Regata-Laser-Arenys-2.jpg 711w, https://old.cnhv.net/wp-content/uploads/2021/11/Regata-Laser-Arenys-2-240x300.jpg 240w, https://old.cnhv.net/wp-content/uploads/2021/11/Regata-Laser-Arenys-2-80x100.jpg 80w" sizes="(max-width: 711px) 100vw, 711px" /></a></td>
<td><a href="https://www.cnhv.net/wp-content/uploads/2021/11/Regata-Laser-Arenys-3.jpg"><img decoding="async" loading="lazy" class="aligncenter size-full wp-image-16876" src="https://www.cnhv.net/wp-content/uploads/2021/11/Regata-Laser-Arenys-3.jpg" alt="" width="710" height="888" srcset="https://old.cnhv.net/wp-content/uploads/2021/11/Regata-Laser-Arenys-3.jpg 710w, https://old.cnhv.net/wp-content/uploads/2021/11/Regata-Laser-Arenys-3-240x300.jpg 240w, https://old.cnhv.net/wp-content/uploads/2021/11/Regata-Laser-Arenys-3-80x100.jpg 80w" sizes="(max-width: 710px) 100vw, 710px" /></a></td>
<td><a href="https://www.cnhv.net/wp-content/uploads/2021/11/Regata-Laser-Arenys-1.jpg"><img decoding="async" loading="lazy" class="aligncenter size-full wp-image-16874" src="https://www.cnhv.net/wp-content/uploads/2021/11/Regata-Laser-Arenys-1.jpg" alt="" width="702" height="878" srcset="https://old.cnhv.net/wp-content/uploads/2021/11/Regata-Laser-Arenys-1.jpg 702w, https://old.cnhv.net/wp-content/uploads/2021/11/Regata-Laser-Arenys-1-240x300.jpg 240w, https://old.cnhv.net/wp-content/uploads/2021/11/Regata-Laser-Arenys-1-80x100.jpg 80w" sizes="(max-width: 702px) 100vw, 702px" /></a></td>
</tr>
</tbody>
</table>
<p style="font-weight: 400;">&nbsp;</p>
<p>Este fin de semana hemos tenido a los tres equipos del CNHV de regatas en el Maresme.<br />
El Equipo de Optimist ha participado en su primera regata de estas dimensiones fuera del club. El Gran Premi Principat d&#8217;Andorra en Arenys de Mar, ha sido una gran experiencia deportiva acompañada de las vivencias sociales con los miembros de su equipo y otros clubes.<br />
En la clase Optimist ha llegado a participar un centenar de regatistas.</p>
<table>
<tbody>
<tr>
<td><a href="https://www.cnhv.net/wp-content/uploads/2021/11/Regata-Optimist-Arenys-2.jpg"><img decoding="async" loading="lazy" class="aligncenter size-full wp-image-16879" src="https://www.cnhv.net/wp-content/uploads/2021/11/Regata-Optimist-Arenys-2.jpg" alt="" width="718" height="898" srcset="https://old.cnhv.net/wp-content/uploads/2021/11/Regata-Optimist-Arenys-2.jpg 718w, https://old.cnhv.net/wp-content/uploads/2021/11/Regata-Optimist-Arenys-2-240x300.jpg 240w, https://old.cnhv.net/wp-content/uploads/2021/11/Regata-Optimist-Arenys-2-80x100.jpg 80w" sizes="(max-width: 718px) 100vw, 718px" /></a></td>
<td><a href="https://www.cnhv.net/wp-content/uploads/2021/11/Regata-Optimist-Arenys-1.jpg"><img decoding="async" loading="lazy" class="aligncenter size-full wp-image-16878" src="https://www.cnhv.net/wp-content/uploads/2021/11/Regata-Optimist-Arenys-1.jpg" alt="" width="711" height="889" srcset="https://old.cnhv.net/wp-content/uploads/2021/11/Regata-Optimist-Arenys-1.jpg 711w, https://old.cnhv.net/wp-content/uploads/2021/11/Regata-Optimist-Arenys-1-240x300.jpg 240w, https://old.cnhv.net/wp-content/uploads/2021/11/Regata-Optimist-Arenys-1-80x100.jpg 80w" sizes="(max-width: 711px) 100vw, 711px" /></a></td>
<td><a href="https://www.cnhv.net/wp-content/uploads/2021/11/Regata-Omptimist-Arenys-3.jpg"><img decoding="async" loading="lazy" class="aligncenter size-large wp-image-16877" src="https://www.cnhv.net/wp-content/uploads/2021/11/Regata-Omptimist-Arenys-3-819x1024.jpg" alt="" width="640" height="800" srcset="https://old.cnhv.net/wp-content/uploads/2021/11/Regata-Omptimist-Arenys-3-819x1024.jpg 819w, https://old.cnhv.net/wp-content/uploads/2021/11/Regata-Omptimist-Arenys-3-240x300.jpg 240w, https://old.cnhv.net/wp-content/uploads/2021/11/Regata-Omptimist-Arenys-3-768x960.jpg 768w, https://old.cnhv.net/wp-content/uploads/2021/11/Regata-Omptimist-Arenys-3-80x100.jpg 80w, https://old.cnhv.net/wp-content/uploads/2021/11/Regata-Omptimist-Arenys-3.jpg 1080w" sizes="(max-width: 640px) 100vw, 640px" /></a></td>
</tr>
</tbody>
</table>
<p></p>

<p>El equipo de regatas del CNHV de la clase Windsurf, ha estado este pasado fin de semana en una competición en el Club Náutico Balis, en una de las pruebas [&hellip;] <a href="https://old.cnhv.net/?page_id=17044" rel="bookmark">more</a></p>
