
{"id":17156,"date":"2022-01-10T17:42:55","date_gmt":"2022-01-10T17:42:55","guid":{"rendered":"https:\/\/www.cnhv.net\/?page_id=17156"},"modified":"2022-01-10T17:42:55","modified_gmt":"2022-01-10T17:42:55","slug":"ii-campeonato-de-catalunya-pesca-en-caiac-2019","status":"publish","type":"page","link":"https:\/\/old.cnhv.net\/?page_id=17156","title":{"rendered":"II Campeonato de Catalunya Pesca en Caiac 2019"},"content":{"rendered":"<p>&lt;span lang=\u00bbES\u00bb&gt;El pasado domingo 2 de junio tuvo lugar en las aguas pr\u00f3ximas al Club N\u00e0utic Hospitalet-Vandell\u00f2s el Campeonato de Catalu\u00f1a de Pesca en Cayac. La jornada empez\u00f3 a las 6:00 con un desayuno para todos los participantes para cargar las pilas. A las 7:00, los participantes sal\u00edan al agua con sus cayacs y sus ca\u00f1as para sacar del agua las mejores piezas.&lt;u&gt;&lt;\/u&gt;&lt;u&gt;&lt;\/u&gt;&lt;\/span&gt;<\/p>\n<p>&lt;span lang=\u00bbES\u00bb&gt;El d\u00eda se mantuvo tranquilo, sin olas ni viento, lo cual agradecieron mucho los participantes, ya que al ir en cayac son m\u00e1s vulnerables a estos elementos.&lt;u&gt;&lt;\/u&gt;&lt;u&gt;&lt;\/u&gt;&lt;\/span&gt;<\/p>\n<p>&lt;span lang=\u00bbES\u00bb&gt;Alrededor de las 13:00 los pescadores ya estaban en tierra para proceder al pesaje.&lt;u&gt;&lt;\/u&gt;&lt;u&gt;&lt;\/u&gt;&lt;\/span&gt;<\/p>\n<p>&lt;span lang=\u00bbES\u00bb&gt;La clasificaci\u00f3n ha sido la siguiente:&lt;u&gt;&lt;\/u&gt;&lt;u&gt;&lt;\/u&gt;&lt;\/span&gt;<\/p>\n<p>&lt;span lang=\u00bbES\u00bb&gt;Campe\u00f3n de Catalu\u00f1a: Jos\u00e9 Manuel Rodr\u00edguez Gonz\u00e1lez (vecino de Miami playa)<br \/>\nSegundo : Carlos S\u00e1nchez Mora .<br \/>\nTercero: Cristian Velarde Gallego.<br \/>\nGanador pieza mayor , Jos\u00e9 Manuel Rodr\u00edguez Gonz\u00e1lez con un dent\u00f3n de 3 kg.&lt;\/span&gt;<\/p>\n<p>ngg_shortcode_0_placeholder&amp;nbsp;<\/p>\n<p>&lt;a href=\u00bbhttps:\/\/www.cnhv.net\/wp-content\/uploads\/2019\/05\/Convocato\u0300ria-campionat-de-Catalunya-Caiac-2019-1.pdf\u00bb&gt;Convocato\u0300ria-campionat-de-Catalunya-Caiac-2019&lt;\/a&gt;<\/p>\n<p>&lt;a href=\u00bbhttps:\/\/www.cnhv.net\/wp-content\/uploads\/2019\/05\/IMG-20190516-WA0004-1.jpg\u00bb&gt;&lt;img class=\u00bbaligncenter size-full wp-image-14790&#8243; src=\u00bbhttps:\/\/www.cnhv.net\/wp-content\/uploads\/2019\/05\/IMG-20190516-WA0004-1.jpg\u00bb alt=\u00bb\u00bb width=\u00bb1130&#8243; height=\u00bb1600&#8243;&gt;&lt;\/a&gt;<\/p>","protected":false},"excerpt":{"rendered":"<p>&lt;span lang=\u00bbES\u00bb&gt;El pasado domingo 2 de junio tuvo lugar en las aguas pr\u00f3ximas al Club N\u00e0utic Hospitalet-Vandell\u00f2s el Campeonato de Catalu\u00f1a de Pesca en Cayac. La jornada empez\u00f3 a las [&hellip;] <a href=\"https:\/\/old.cnhv.net\/?page_id=17156\" rel=\"bookmark\">more<\/a><\/p>\n","protected":false},"author":1,"featured_media":0,"parent":17147,"menu_order":0,"comment_status":"closed","ping_status":"closed","template":"pg-tpl-no-sidebars.php","meta":{"ngg_post_thumbnail":0},"_links":{"self":[{"href":"https:\/\/old.cnhv.net\/index.php?rest_route=\/wp\/v2\/pages\/17156"}],"collection":[{"href":"https:\/\/old.cnhv.net\/index.php?rest_route=\/wp\/v2\/pages"}],"about":[{"href":"https:\/\/old.cnhv.net\/index.php?rest_route=\/wp\/v2\/types\/page"}],"author":[{"embeddable":true,"href":"https:\/\/old.cnhv.net\/index.php?rest_route=\/wp\/v2\/users\/1"}],"replies":[{"embeddable":true,"href":"https:\/\/old.cnhv.net\/index.php?rest_route=%2Fwp%2Fv2%2Fcomments&post=17156"}],"version-history":[{"count":1,"href":"https:\/\/old.cnhv.net\/index.php?rest_route=\/wp\/v2\/pages\/17156\/revisions"}],"predecessor-version":[{"id":17157,"href":"https:\/\/old.cnhv.net\/index.php?rest_route=\/wp\/v2\/pages\/17156\/revisions\/17157"}],"up":[{"embeddable":true,"href":"https:\/\/old.cnhv.net\/index.php?rest_route=\/wp\/v2\/pages\/17147"}],"wp:attachment":[{"href":"https:\/\/old.cnhv.net\/index.php?rest_route=%2Fwp%2Fv2%2Fmedia&parent=17156"}],"curies":[{"name":"wp","href":"https:\/\/api.w.org\/{rel}","templated":true}]}}