
{"id":17163,"date":"2022-01-10T18:03:44","date_gmt":"2022-01-10T18:03:44","guid":{"rendered":"https:\/\/www.cnhv.net\/?page_id=17163"},"modified":"2022-01-10T18:38:43","modified_gmt":"2022-01-10T18:38:43","slug":"catala-festividad-virgen-del-carmen-2019","status":"publish","type":"page","link":"https:\/\/old.cnhv.net\/?page_id=17163","title":{"rendered":"Festividad Virgen del Carmen 2019"},"content":{"rendered":"<p>Un a\u00f1o m\u00e1s y como es habitual el Club N\u00e0utic Hospitalet-Vandell\u00f3s, el martes 16 de julio ha celebrado la festividad de la&nbsp;<em>Virgen del Carmen<\/em>, patrona de los pescadores y marineros,&nbsp;<u><\/u><u><\/u><\/p>\n<p>Despu\u00e9s de unas palabras de bienvenida por parte del Presidente del Club y Alcalde del municipio se ha procedido a izar la Bandera Azul que un a\u00f1o m\u00e1s y desde 1993 de forma ininterrumpida hemos sido merecedores de ella, gracias a la gesti\u00f3n del Club, empleados y amarristas.<u><\/u><u><\/u><\/p>\n<p>Continuamos con el oficio de una Misa de Campa\u00f1a, procesi\u00f3n y ofrenda floral en las embarcaciones contratadas por el Club para el p\u00fablico general acompa\u00f1ados por embarcaciones de nuestros amarristas, finaliza la jornada con una cantada de Habaneras por el grupo \u00abPort Vell\u00bb<u><\/u><u><\/u><\/p>\n<p>Agradecer a la Corporaci\u00f3n Municipal, Moss\u00e8n Jordi, Coral Arsis, Gegants i Graellers de l\u2019Hospitalet, as\u00ed como al numeroso p\u00fablico que todos los a\u00f1os nos acompa\u00f1an.<\/p>\n<p><a href=\"https:\/\/photos.app.goo.gl\/u2tL3anmfFFevtRL8\">Ver fotos<\/a><\/p>\n<p>&nbsp;<\/p>\n<p>&nbsp;<\/p>\n<p><a href=\"https:\/\/www.cnhv.net\/wp-content\/uploads\/2019\/07\/Cartel-Virgen-del-Carmen-19.jpg\"><img decoding=\"async\" loading=\"lazy\" class=\"aligncenter size-full wp-image-15043\" src=\"https:\/\/www.cnhv.net\/wp-content\/uploads\/2019\/07\/Cartel-Virgen-del-Carmen-19.jpg\" alt=\"\" width=\"1000\" height=\"1415\" srcset=\"https:\/\/old.cnhv.net\/wp-content\/uploads\/2019\/07\/Cartel-Virgen-del-Carmen-19.jpg 1000w, https:\/\/old.cnhv.net\/wp-content\/uploads\/2019\/07\/Cartel-Virgen-del-Carmen-19-212x300.jpg 212w, https:\/\/old.cnhv.net\/wp-content\/uploads\/2019\/07\/Cartel-Virgen-del-Carmen-19-768x1087.jpg 768w, https:\/\/old.cnhv.net\/wp-content\/uploads\/2019\/07\/Cartel-Virgen-del-Carmen-19-724x1024.jpg 724w, https:\/\/old.cnhv.net\/wp-content\/uploads\/2019\/07\/Cartel-Virgen-del-Carmen-19-71x100.jpg 71w\" sizes=\"(max-width: 1000px) 100vw, 1000px\" \/><\/a><\/p>","protected":false},"excerpt":{"rendered":"<p>Un a\u00f1o m\u00e1s y como es habitual el Club N\u00e0utic Hospitalet-Vandell\u00f3s, el martes 16 de julio ha celebrado la festividad de la&nbsp;Virgen del Carmen, patrona de los pescadores y marineros,&nbsp; [&hellip;] <a href=\"https:\/\/old.cnhv.net\/?page_id=17163\" rel=\"bookmark\">more<\/a><\/p>\n","protected":false},"author":1,"featured_media":0,"parent":17174,"menu_order":1,"comment_status":"closed","ping_status":"closed","template":"pg-tpl-no-sidebars.php","meta":{"ngg_post_thumbnail":0},"_links":{"self":[{"href":"https:\/\/old.cnhv.net\/index.php?rest_route=\/wp\/v2\/pages\/17163"}],"collection":[{"href":"https:\/\/old.cnhv.net\/index.php?rest_route=\/wp\/v2\/pages"}],"about":[{"href":"https:\/\/old.cnhv.net\/index.php?rest_route=\/wp\/v2\/types\/page"}],"author":[{"embeddable":true,"href":"https:\/\/old.cnhv.net\/index.php?rest_route=\/wp\/v2\/users\/1"}],"replies":[{"embeddable":true,"href":"https:\/\/old.cnhv.net\/index.php?rest_route=%2Fwp%2Fv2%2Fcomments&post=17163"}],"version-history":[{"count":3,"href":"https:\/\/old.cnhv.net\/index.php?rest_route=\/wp\/v2\/pages\/17163\/revisions"}],"predecessor-version":[{"id":17185,"href":"https:\/\/old.cnhv.net\/index.php?rest_route=\/wp\/v2\/pages\/17163\/revisions\/17185"}],"up":[{"embeddable":true,"href":"https:\/\/old.cnhv.net\/index.php?rest_route=\/wp\/v2\/pages\/17174"}],"wp:attachment":[{"href":"https:\/\/old.cnhv.net\/index.php?rest_route=%2Fwp%2Fv2%2Fmedia&parent=17163"}],"curies":[{"name":"wp","href":"https:\/\/api.w.org\/{rel}","templated":true}]}}