
{"id":17635,"date":"2022-07-15T15:21:50","date_gmt":"2022-07-15T15:21:50","guid":{"rendered":"https:\/\/www.cnhv.net\/?page_id=17635"},"modified":"2022-07-15T15:21:50","modified_gmt":"2022-07-15T15:21:50","slug":"campeonato-de-catalunya-windsurf","status":"publish","type":"page","link":"https:\/\/old.cnhv.net\/?page_id=17635","title":{"rendered":"Campeonato de Catalunya  Windsurf"},"content":{"rendered":"<p><\/p>\n<p style=\"font-weight: 400;\">&nbsp;<\/p>\n<p style=\"font-weight: 400;\">\u00a1Excelentes resultados en el Campeonato de Catalunya por parte del equipo de Windsurf!<\/p>\n<p>El 10 de abril finaliz\u00f3 el Campeonato de Catalu\u00f1a de Techno en el Club Vela Blanes, en donde nuestros regatistas obtuvieron unos excelentes resultados a la altura de las expectativas<\/p>\n<p>Ferr\u00e1n Mart\u00ednez se alz\u00f3 campe\u00f3n de Catalunya en la categor\u00eda Techno S17. No menos destacables los resultados de Bruno Guti\u00e9rrez qu\u00e9 finaliz\u00f3 subcampe\u00f3n de Catalunya en la categor\u00eda Techno+; de David Mu\u00f1oz qu\u00e9 finaliz\u00f3 4o en la categor\u00eda Techno S15 y Arnau Roca 5o en Techno S17.<\/p>\n<p>Tras estos resultados David Mu\u00f1oz ha sido convocado por la federaci\u00f3n en los entrenamientos en Roses y Ferr\u00e1n Mart\u00ednez como campe\u00f3n de Catalunya ha sido seleccionado por la Federaci\u00f3n Catalana para participar en el Campeonato de Espa\u00f1a en Murcia.<\/p>\n<p>\u00a1Enhorabuena equipo!<\/p>\n<p>&nbsp;<\/p>\n<table>\n<tbody>\n<tr>\n<td><a href=\"https:\/\/www.cnhv.net\/wp-content\/uploads\/2022\/04\/3Windsurf-10-abril-22.jpg\"><img decoding=\"async\" loading=\"lazy\" class=\"size-full wp-image-17342 aligncenter\" src=\"https:\/\/www.cnhv.net\/wp-content\/uploads\/2022\/04\/3Windsurf-10-abril-22.jpg\" alt=\"\" width=\"579\" height=\"723\" srcset=\"https:\/\/old.cnhv.net\/wp-content\/uploads\/2022\/04\/3Windsurf-10-abril-22.jpg 579w, https:\/\/old.cnhv.net\/wp-content\/uploads\/2022\/04\/3Windsurf-10-abril-22-240x300.jpg 240w, https:\/\/old.cnhv.net\/wp-content\/uploads\/2022\/04\/3Windsurf-10-abril-22-80x100.jpg 80w\" sizes=\"(max-width: 579px) 100vw, 579px\" \/><\/a><\/td>\n<td><a href=\"https:\/\/www.cnhv.net\/wp-content\/uploads\/2022\/04\/2Windsurf-10-abril-22.jpg\"><img decoding=\"async\" loading=\"lazy\" class=\"size-large wp-image-17341 alignnone\" src=\"https:\/\/www.cnhv.net\/wp-content\/uploads\/2022\/04\/2Windsurf-10-abril-22-819x1024.jpg\" alt=\"\" width=\"640\" height=\"800\" srcset=\"https:\/\/old.cnhv.net\/wp-content\/uploads\/2022\/04\/2Windsurf-10-abril-22-819x1024.jpg 819w, https:\/\/old.cnhv.net\/wp-content\/uploads\/2022\/04\/2Windsurf-10-abril-22-240x300.jpg 240w, https:\/\/old.cnhv.net\/wp-content\/uploads\/2022\/04\/2Windsurf-10-abril-22-768x960.jpg 768w, https:\/\/old.cnhv.net\/wp-content\/uploads\/2022\/04\/2Windsurf-10-abril-22-80x100.jpg 80w, https:\/\/old.cnhv.net\/wp-content\/uploads\/2022\/04\/2Windsurf-10-abril-22.jpg 1080w\" sizes=\"(max-width: 640px) 100vw, 640px\" \/><\/a><\/td>\n<td><a href=\"https:\/\/www.cnhv.net\/wp-content\/uploads\/2022\/04\/1Windsurf-10-abril-22.jpg\"><img decoding=\"async\" loading=\"lazy\" class=\"size-full wp-image-17340 alignnone\" src=\"https:\/\/www.cnhv.net\/wp-content\/uploads\/2022\/04\/1Windsurf-10-abril-22.jpg\" alt=\"\" width=\"683\" height=\"853\" srcset=\"https:\/\/old.cnhv.net\/wp-content\/uploads\/2022\/04\/1Windsurf-10-abril-22.jpg 683w, https:\/\/old.cnhv.net\/wp-content\/uploads\/2022\/04\/1Windsurf-10-abril-22-240x300.jpg 240w, https:\/\/old.cnhv.net\/wp-content\/uploads\/2022\/04\/1Windsurf-10-abril-22-80x100.jpg 80w\" sizes=\"(max-width: 683px) 100vw, 683px\" \/><\/a><\/td>\n<\/tr>\n<\/tbody>\n<\/table>\n<p><\/p>","protected":false},"excerpt":{"rendered":"<p>&nbsp; \u00a1Excelentes resultados en el Campeonato de Catalunya por parte del equipo de Windsurf! El 10 de abril finaliz\u00f3 el Campeonato de Catalu\u00f1a de Techno en el Club Vela Blanes, [&hellip;] <a href=\"https:\/\/old.cnhv.net\/?page_id=17635\" rel=\"bookmark\">more<\/a><\/p>\n","protected":false},"author":1,"featured_media":0,"parent":14933,"menu_order":0,"comment_status":"closed","ping_status":"closed","template":"pg-tpl-no-sidebars.php","meta":{"ngg_post_thumbnail":0},"_links":{"self":[{"href":"https:\/\/old.cnhv.net\/index.php?rest_route=\/wp\/v2\/pages\/17635"}],"collection":[{"href":"https:\/\/old.cnhv.net\/index.php?rest_route=\/wp\/v2\/pages"}],"about":[{"href":"https:\/\/old.cnhv.net\/index.php?rest_route=\/wp\/v2\/types\/page"}],"author":[{"embeddable":true,"href":"https:\/\/old.cnhv.net\/index.php?rest_route=\/wp\/v2\/users\/1"}],"replies":[{"embeddable":true,"href":"https:\/\/old.cnhv.net\/index.php?rest_route=%2Fwp%2Fv2%2Fcomments&post=17635"}],"version-history":[{"count":1,"href":"https:\/\/old.cnhv.net\/index.php?rest_route=\/wp\/v2\/pages\/17635\/revisions"}],"predecessor-version":[{"id":17636,"href":"https:\/\/old.cnhv.net\/index.php?rest_route=\/wp\/v2\/pages\/17635\/revisions\/17636"}],"up":[{"embeddable":true,"href":"https:\/\/old.cnhv.net\/index.php?rest_route=\/wp\/v2\/pages\/14933"}],"wp:attachment":[{"href":"https:\/\/old.cnhv.net\/index.php?rest_route=%2Fwp%2Fv2%2Fmedia&parent=17635"}],"curies":[{"name":"wp","href":"https:\/\/api.w.org\/{rel}","templated":true}]}}