
{"id":17637,"date":"2022-07-15T15:23:51","date_gmt":"2022-07-15T15:23:51","guid":{"rendered":"https:\/\/www.cnhv.net\/?page_id=17637"},"modified":"2022-07-15T15:40:44","modified_gmt":"2022-07-15T15:40:44","slug":"easter-camp-club-nautic-cambrils","status":"publish","type":"page","link":"https:\/\/old.cnhv.net\/?page_id=17637","title":{"rendered":"Easter Camp Club N\u00e0utic Cambrils"},"content":{"rendered":"<p><\/p>\n<p style=\"font-weight: 400;\">Este fin de semana 9 y 10 de abril se ha caracterizado por la lluvia, pero nuestros regatistas no se han echado atr\u00e1s y han disfrutado de unas jornadas de regata y tecnificaci\u00f3n en el Club N\u00e0utic Cambrils hasta el 13 de abril.<\/p>\n<p style=\"font-weight: 400;\"><strong><u>OPTIMIST \/ ILCA<\/u><\/strong><\/p>\n<p style=\"font-weight: 400;\">Otra edici\u00f3n m\u00e1s del Easter Camp se ha realizado en el Club N\u00e0utic Cambrils con una 60a de participantes. El cual ha acogido la 2a prueba de la Copa Sud para los Optimist G3. Nuestros regatistas han obtenido unos excelentes resultados en dicha categor\u00eda \u00a1y en ambos eventos!<\/p>\n<p>Resultados CNCB Copa Sud<br \/>\nSanti Bes 1o en la categor\u00eda absoluta.<br \/>\nNicol\u00e1s Leralta 2o en la categor\u00eda S11.<br \/>\nCristina Ruiz 1a f\u00e9mina absoluta y 3a S11.<br \/>\nJana Corominas 3a f\u00e9mina absoluta.<\/p>\n<p>Resultados EASTER CAMP G3<br \/>\nSanti Bes 1o absoluto<br \/>\nCristina Ruiz 1a f\u00e9mina 2a S11<br \/>\nBruno Martin 1o S16<br \/>\nJana Corominas 2a f\u00e9mina.<\/p>\n<p>Las jornadas han sido toda una experiencia para las regatistas m\u00e1s j\u00f3venes del Club N\u00e0utic Hospitalet-Vandell\u00f2s, las cuales han obtenido unos excelentes resultados en la categor\u00eda Optimist G3. As\u00ed como una gran experiencia para los chicos de la categor\u00eda juvenil ILCA.<br \/>\n\u00a1Enhorabuena equipo!<\/p>\n<p>Equipo patrocinado por:&nbsp;<a href=\"https:\/\/www.instagram.com\/orklawoundcarespain\/\" target=\"_blank\" rel=\"noopener noreferrer\" data-saferedirecturl=\"https:\/\/www.google.com\/url?q=https:\/\/www.instagram.com\/orklawoundcarespain\/&amp;source=gmail&amp;ust=1650127460505000&amp;usg=AOvVaw1k8U8R-6B0IOo-gXPRSx1Y\">@orklawoundcarespain<\/a><\/p>\n<p>&nbsp;<\/p>\n<table>\n<tbody>\n<tr>\n<td><a href=\"https:\/\/www.cnhv.net\/wp-content\/uploads\/2022\/04\/2Cambrils-13-abril-22.jpg\"><img decoding=\"async\" loading=\"lazy\" class=\"size-large wp-image-17334 alignnone\" src=\"https:\/\/www.cnhv.net\/wp-content\/uploads\/2022\/04\/2Cambrils-13-abril-22-819x1024.jpg\" alt=\"\" width=\"640\" height=\"800\" srcset=\"https:\/\/old.cnhv.net\/wp-content\/uploads\/2022\/04\/2Cambrils-13-abril-22-819x1024.jpg 819w, https:\/\/old.cnhv.net\/wp-content\/uploads\/2022\/04\/2Cambrils-13-abril-22-240x300.jpg 240w, https:\/\/old.cnhv.net\/wp-content\/uploads\/2022\/04\/2Cambrils-13-abril-22-768x960.jpg 768w, https:\/\/old.cnhv.net\/wp-content\/uploads\/2022\/04\/2Cambrils-13-abril-22-80x100.jpg 80w, https:\/\/old.cnhv.net\/wp-content\/uploads\/2022\/04\/2Cambrils-13-abril-22.jpg 1080w\" sizes=\"(max-width: 640px) 100vw, 640px\" \/><\/a><\/td>\n<td><a href=\"https:\/\/www.cnhv.net\/wp-content\/uploads\/2022\/04\/3Cambrils-13-abril-22.jpg\"><img decoding=\"async\" loading=\"lazy\" class=\"size-large wp-image-17335 alignnone\" src=\"https:\/\/www.cnhv.net\/wp-content\/uploads\/2022\/04\/3Cambrils-13-abril-22-819x1024.jpg\" alt=\"\" width=\"640\" height=\"800\" srcset=\"https:\/\/old.cnhv.net\/wp-content\/uploads\/2022\/04\/3Cambrils-13-abril-22-819x1024.jpg 819w, https:\/\/old.cnhv.net\/wp-content\/uploads\/2022\/04\/3Cambrils-13-abril-22-240x300.jpg 240w, https:\/\/old.cnhv.net\/wp-content\/uploads\/2022\/04\/3Cambrils-13-abril-22-768x960.jpg 768w, https:\/\/old.cnhv.net\/wp-content\/uploads\/2022\/04\/3Cambrils-13-abril-22-80x100.jpg 80w, https:\/\/old.cnhv.net\/wp-content\/uploads\/2022\/04\/3Cambrils-13-abril-22.jpg 1080w\" sizes=\"(max-width: 640px) 100vw, 640px\" \/><\/a><\/td>\n<td><a href=\"https:\/\/www.cnhv.net\/wp-content\/uploads\/2022\/04\/1Cambrils-13-abril-22.jpg\"><img decoding=\"async\" loading=\"lazy\" class=\"size-large wp-image-17333 alignnone\" src=\"https:\/\/www.cnhv.net\/wp-content\/uploads\/2022\/04\/1Cambrils-13-abril-22-819x1024.jpg\" alt=\"\" width=\"640\" height=\"800\" srcset=\"https:\/\/old.cnhv.net\/wp-content\/uploads\/2022\/04\/1Cambrils-13-abril-22-819x1024.jpg 819w, https:\/\/old.cnhv.net\/wp-content\/uploads\/2022\/04\/1Cambrils-13-abril-22-240x300.jpg 240w, https:\/\/old.cnhv.net\/wp-content\/uploads\/2022\/04\/1Cambrils-13-abril-22-768x961.jpg 768w, https:\/\/old.cnhv.net\/wp-content\/uploads\/2022\/04\/1Cambrils-13-abril-22-80x100.jpg 80w, https:\/\/old.cnhv.net\/wp-content\/uploads\/2022\/04\/1Cambrils-13-abril-22.jpg 1080w\" sizes=\"(max-width: 640px) 100vw, 640px\" \/><\/a><\/td>\n<\/tr>\n<\/tbody>\n<\/table>\n<p>&nbsp;<\/p>","protected":false},"excerpt":{"rendered":"<p>Este fin de semana 9 y 10 de abril se ha caracterizado por la lluvia, pero nuestros regatistas no se han echado atr\u00e1s y han disfrutado de unas jornadas de [&hellip;] <a href=\"https:\/\/old.cnhv.net\/?page_id=17637\" rel=\"bookmark\">more<\/a><\/p>\n","protected":false},"author":1,"featured_media":0,"parent":14933,"menu_order":0,"comment_status":"closed","ping_status":"closed","template":"pg-tpl-no-sidebars.php","meta":{"ngg_post_thumbnail":0},"_links":{"self":[{"href":"https:\/\/old.cnhv.net\/index.php?rest_route=\/wp\/v2\/pages\/17637"}],"collection":[{"href":"https:\/\/old.cnhv.net\/index.php?rest_route=\/wp\/v2\/pages"}],"about":[{"href":"https:\/\/old.cnhv.net\/index.php?rest_route=\/wp\/v2\/types\/page"}],"author":[{"embeddable":true,"href":"https:\/\/old.cnhv.net\/index.php?rest_route=\/wp\/v2\/users\/1"}],"replies":[{"embeddable":true,"href":"https:\/\/old.cnhv.net\/index.php?rest_route=%2Fwp%2Fv2%2Fcomments&post=17637"}],"version-history":[{"count":1,"href":"https:\/\/old.cnhv.net\/index.php?rest_route=\/wp\/v2\/pages\/17637\/revisions"}],"predecessor-version":[{"id":17638,"href":"https:\/\/old.cnhv.net\/index.php?rest_route=\/wp\/v2\/pages\/17637\/revisions\/17638"}],"up":[{"embeddable":true,"href":"https:\/\/old.cnhv.net\/index.php?rest_route=\/wp\/v2\/pages\/14933"}],"wp:attachment":[{"href":"https:\/\/old.cnhv.net\/index.php?rest_route=%2Fwp%2Fv2%2Fmedia&parent=17637"}],"curies":[{"name":"wp","href":"https:\/\/api.w.org\/{rel}","templated":true}]}}