
{"id":17646,"date":"2022-07-15T15:28:50","date_gmt":"2022-07-15T15:28:50","guid":{"rendered":"https:\/\/www.cnhv.net\/?page_id=17646"},"modified":"2022-07-15T15:28:50","modified_gmt":"2022-07-15T15:28:50","slug":"catala-anuncis-regates-2022","status":"publish","type":"page","link":"https:\/\/old.cnhv.net\/?page_id=17646","title":{"rendered":"(catala) Anuncis Regates 2022"},"content":{"rendered":"<p><\/p>\n<p style=\"font-weight: 400;\"><span style=\"font-size: 16pt; color: #3366ff;\"><strong>30 de abril y 1 de mayo<\/strong><\/span><\/p>\n<p style=\"font-weight: 400;\"><span style=\"color: #3366ff;\">Regata de Nivel 3 para las clases Optimist y ILCA<\/span><\/p>\n<p style=\"font-weight: 400;\"><strong>\u201cTerres de Mestral\u201d \u201cCopa Sud.<\/strong><\/p>\n<ul>\n<li style=\"font-weight: 400;\">Regata enfocada a las clases infantiles y juveniles, optimist e ILCA respectivamente, con el objetivo estrat\u00e9gico de impulsar estas clases en el nivel de iniciaci\u00f3n.<\/li>\n<li style=\"font-weight: 400;\">En las regatas de N3, las cuales no son puntuables para el ranking de Catalu\u00f1a, se promueve sobre todo la participaci\u00f3n de los clubes de la Zona Sur de Catalu\u00f1a.<\/li>\n<li style=\"font-weight: 400;\">Los clubes, Club N\u00e0utic Vilanova, Club N\u00e0utic Cambrils y Club N\u00e0utic Hospitalet-Vandell\u00f2s, nos hemos agrupado para formar la primera edici\u00f3n de la Copa Sud la cual tiene el objetivo de promover la vela de base.<\/li>\n<\/ul>\n<p style=\"font-weight: 400;\">&nbsp;<\/p>\n<p style=\"font-weight: 400;\"><span style=\"color: #3366ff;\"><strong><span style=\"font-size: 16pt;\">21 y 22 de mayo<\/span><\/strong><\/span><\/p>\n<p style=\"font-weight: 400;\"><span style=\"color: #3366ff;\">Regata de Nivel 2 para las clases reconocidas de Windsurf.<\/span><\/p>\n<p style=\"font-weight: 400;\"><strong>\u201cTerres de Mestral\u201d<\/strong><\/p>\n<ul>\n<li style=\"font-weight: 400;\">Regata de Nivel 2, puntuable para el ranking de Catalu\u00f1a, regata con el objetivo de obtener una m\u00e1xima participaci\u00f3n por parte de todos los clubes de Catalu\u00f1a que tienen flota de windsurf al ser puntuable para los equipos de selecci\u00f3n catalana en los campeonatos nacionales.<\/li>\n<li style=\"font-weight: 400;\">En las regatas de Windsurf, tenemos desde la clase estrat\u00e9gica para la federaci\u00f3n IQ Foil, pasando por la clase juvenil m\u00e1s extendida Techno 293, hasta la clase Windsurf iniciaci\u00f3n, la cual busca promover la vela de base en el windsurf.<\/li>\n<\/ul>\n<p style=\"font-weight: 400;\">&nbsp;<\/p>\n<p style=\"font-weight: 400;\"><span style=\"color: #3366ff;\"><strong><span style=\"font-size: 16pt;\">9 al 11 de septiembre<\/span><\/strong><\/span><\/p>\n<p style=\"font-weight: 400;\"><span style=\"color: #3366ff;\">*<strong>Campeonato de Espa\u00f1a de la clase internacional FINN.<\/strong>*<\/span><\/p>\n<p style=\"font-weight: 400;\">Regata de nivel nacional.<\/p>\n<ul>\n<li style=\"font-weight: 400;\">Uno de los eventos m\u00e1s reconocidos a nivel nacional. La clase internacional FINN ha sido por muchos a\u00f1os la clase ol\u00edmpica de vela ligera por excelencia. Lo cual asegura una competitividad de alto nivel.<\/li>\n<li style=\"font-weight: 400;\">David Terol, regatista del CNHV que logr\u00f3 en octubre de 2021 finalizar 3\u00ba en el Mundial Finn Masters, luchar\u00e1 por ganar el t\u00edtulo de campe\u00f3n de Espa\u00f1a en casa.<\/li>\n<\/ul>\n<p style=\"font-weight: 400;\">&nbsp;<\/p>\n<p style=\"font-weight: 400;\"><span style=\"color: #3366ff;\"><strong><span style=\"font-size: 16pt;\">13 al 17 de septiembre<\/span><\/strong><\/span><\/p>\n<p style=\"font-weight: 400;\"><span style=\"color: #3366ff;\"><strong>\u201cFinn Masters European Championship\u201d.<\/strong><\/span><\/p>\n<p style=\"font-weight: 400;\">Regata de nivel internacional.<\/p>\n<ul>\n<li style=\"font-weight: 400;\">Con los a\u00f1os, la clase internacional FINN ha impulsado un fuerte reconocimiento a los regatistas Masters, categor\u00eda que ha acabado formando su propia clase FINN MASTERS. Siendo esta la clase de vela ligera Masters m\u00e1s reconocida internacionalmente.<\/li>\n<li style=\"font-weight: 400;\">El Club N\u00e0utic Hospitalet-Vandell\u00f2s se enorgullece de poder celebrar este 2022 un campeonato de tal prestigio, demostrando que este club no solo apuesta por la vela de base, sino que apoya a los regatistas en todo su recorrido deportivo.<\/li>\n<\/ul>\n<p style=\"font-weight: 400;\">&nbsp;<\/p>\n<p><span style=\"color: #0000ff;\">M\u00e1s informaci\u00f3n:<\/span><\/p>\n<p style=\"font-weight: 400;\"><a href=\"https:\/\/www.cnhv.sailti.com\/es\/default\/races\/calendar\/year\/2022\/all\/1\" data-saferedirecturl=\"https:\/\/www.google.com\/url?q=https:\/\/www.cnhv.sailti.com\/es\/default\/races\/calendar\/year\/2022\/all\/1&amp;source=gmail&amp;ust=1644160408254000&amp;usg=AOvVaw1ZZ8VU-19WI0ABNnZuWdVf\">https:\/\/www.cnhv.sailti.com\/es\/default\/races\/calendar\/year\/2022\/all\/1<\/a><\/p>\n<p><\/p>","protected":false},"excerpt":{"rendered":"<p>30 de abril y 1 de mayo Regata de Nivel 3 para las clases Optimist y ILCA \u201cTerres de Mestral\u201d \u201cCopa Sud. Regata enfocada a las clases infantiles y juveniles, [&hellip;] <a href=\"https:\/\/old.cnhv.net\/?page_id=17646\" rel=\"bookmark\">more<\/a><\/p>\n","protected":false},"author":1,"featured_media":0,"parent":14933,"menu_order":10,"comment_status":"closed","ping_status":"closed","template":"pg-tpl-no-sidebars.php","meta":{"ngg_post_thumbnail":0},"_links":{"self":[{"href":"https:\/\/old.cnhv.net\/index.php?rest_route=\/wp\/v2\/pages\/17646"}],"collection":[{"href":"https:\/\/old.cnhv.net\/index.php?rest_route=\/wp\/v2\/pages"}],"about":[{"href":"https:\/\/old.cnhv.net\/index.php?rest_route=\/wp\/v2\/types\/page"}],"author":[{"embeddable":true,"href":"https:\/\/old.cnhv.net\/index.php?rest_route=\/wp\/v2\/users\/1"}],"replies":[{"embeddable":true,"href":"https:\/\/old.cnhv.net\/index.php?rest_route=%2Fwp%2Fv2%2Fcomments&post=17646"}],"version-history":[{"count":1,"href":"https:\/\/old.cnhv.net\/index.php?rest_route=\/wp\/v2\/pages\/17646\/revisions"}],"predecessor-version":[{"id":17647,"href":"https:\/\/old.cnhv.net\/index.php?rest_route=\/wp\/v2\/pages\/17646\/revisions\/17647"}],"up":[{"embeddable":true,"href":"https:\/\/old.cnhv.net\/index.php?rest_route=\/wp\/v2\/pages\/14933"}],"wp:attachment":[{"href":"https:\/\/old.cnhv.net\/index.php?rest_route=%2Fwp%2Fv2%2Fmedia&parent=17646"}],"curies":[{"name":"wp","href":"https:\/\/api.w.org\/{rel}","templated":true}]}}