
{"id":18169,"date":"2022-09-29T14:39:56","date_gmt":"2022-09-29T14:39:56","guid":{"rendered":"https:\/\/www.cnhv.net\/?page_id=18169"},"modified":"2022-09-29T14:58:47","modified_gmt":"2022-09-29T14:58:47","slug":"pesca-virgen-del-carmen","status":"publish","type":"page","link":"https:\/\/old.cnhv.net\/?page_id=18169","title":{"rendered":"Pesca Virgen del Carmen"},"content":{"rendered":"<p>Un a\u00f1o m\u00e1s las salidas sociales de pesca nos ayudan a compartir momentos y reencontrarnos de nuevo, el d\u00eda se presento con un ligero mestral a la salida, a medida que se navegaba hacia cabo Tortosa aumento considerablemente, pero el calor se impuso&nbsp; y es de agradecer el esfuerzo y paciencia de nuestros deportistas que aguantaron probando fortuna ya que a penas picaban.<\/p>\n<p>Los ganadores fueron:<\/p>\n<p>Pieza Mayor la embarcaci\u00f3n OX, Sascha Nauerz, con una Bacoreta de 16 Kg.<\/p>\n<p>Primer clasificado: La embarcaci\u00f3n OX, Sascha Nauerz con 59.400 puntos<\/p>\n<p>Segundo clasificado: La embarcaci\u00f3n Camella IV, Ram\u00f3n Duran con 11.700 puntos<\/p>\n<p>Tercer clasificado: La embarcaci\u00f3n Garsan,&nbsp; Antonio Sanchez con 6290 puntos<\/p>\n<p>&nbsp;<\/p>\n<p><a href=\"https:\/\/www.cnhv.net\/wp-content\/uploads\/2022\/07\/clasificacio\u0301n-Virgen-Carmen-2022.pdf\" class=\"mtli_attachment mtli_pdf\">clasificacio\u0301n Virgen Carmen 2022<\/a><\/p>\nngg_shortcode_0_placeholder\n<p>&nbsp;<\/p>\n<p>&nbsp;<\/p>","protected":false},"excerpt":{"rendered":"<p>Un a\u00f1o m\u00e1s las salidas sociales de pesca nos ayudan a compartir momentos y reencontrarnos de nuevo, el d\u00eda se presento con un ligero mestral a la salida, a medida [&hellip;] <a href=\"https:\/\/old.cnhv.net\/?page_id=18169\" rel=\"bookmark\">more<\/a><\/p>\n","protected":false},"author":1,"featured_media":0,"parent":18161,"menu_order":4,"comment_status":"closed","ping_status":"closed","template":"pg-tpl-no-sidebars.php","meta":{"ngg_post_thumbnail":0},"_links":{"self":[{"href":"https:\/\/old.cnhv.net\/index.php?rest_route=\/wp\/v2\/pages\/18169"}],"collection":[{"href":"https:\/\/old.cnhv.net\/index.php?rest_route=\/wp\/v2\/pages"}],"about":[{"href":"https:\/\/old.cnhv.net\/index.php?rest_route=\/wp\/v2\/types\/page"}],"author":[{"embeddable":true,"href":"https:\/\/old.cnhv.net\/index.php?rest_route=\/wp\/v2\/users\/1"}],"replies":[{"embeddable":true,"href":"https:\/\/old.cnhv.net\/index.php?rest_route=%2Fwp%2Fv2%2Fcomments&post=18169"}],"version-history":[{"count":1,"href":"https:\/\/old.cnhv.net\/index.php?rest_route=\/wp\/v2\/pages\/18169\/revisions"}],"predecessor-version":[{"id":18170,"href":"https:\/\/old.cnhv.net\/index.php?rest_route=\/wp\/v2\/pages\/18169\/revisions\/18170"}],"up":[{"embeddable":true,"href":"https:\/\/old.cnhv.net\/index.php?rest_route=\/wp\/v2\/pages\/18161"}],"wp:attachment":[{"href":"https:\/\/old.cnhv.net\/index.php?rest_route=%2Fwp%2Fv2%2Fmedia&parent=18169"}],"curies":[{"name":"wp","href":"https:\/\/api.w.org\/{rel}","templated":true}]}}