
{"id":2502,"date":"2012-01-14T12:31:48","date_gmt":"2012-01-14T12:31:48","guid":{"rendered":"http:\/\/www.cnhv.net\/?page_id=2502"},"modified":"2015-09-12T22:19:01","modified_gmt":"2015-09-12T22:19:01","slug":"navegar-con-seguridad","status":"publish","type":"page","link":"https:\/\/old.cnhv.net\/?page_id=2502","title":{"rendered":"Navegar con seguridad"},"content":{"rendered":"<p><\/p>\n<table style=\"width: 100%;\">\n<tbody>\n<tr>\n<td><span style=\"color: #0000ff; font-size: 10pt;\"><a href=\"http:\/\/www.cnhv.net\/wp-content\/uploads\/2011\/12\/guia-nautica-recreo1.pdf\" class=\"mtli_attachment mtli_pdf\"><span style=\"color: #0000ff;\">guia nautica de recreo<\/span><\/a><\/span><\/td>\n<td align=\"left\" valign=\"top\" bgcolor=\"#ffffff\"><span style=\"color: #0000ff; font-size: 10pt;\"><a href=\"http:\/\/www.cnhv.net\/wp-content\/uploads\/2011\/12\/pesca-y-buceo.pdf\" class=\"mtli_attachment mtli_pdf\"><span style=\"color: #0000ff;\">pesca y buceo<\/span><\/a><\/span><\/td>\n<td align=\"left\" valign=\"top\" bgcolor=\"#ffffff\"><span style=\"color: #0000ff; font-size: 10pt;\"><a href=\"http:\/\/www.cnhv.net\/wp-content\/uploads\/2011\/12\/consejos-antes-salir-a-la-mar.pdf\" class=\"mtli_attachment mtli_pdf\"><span style=\"color: #0000ff;\">consejos antes de salir a la mar<\/span><\/a><\/span><\/td>\n<\/tr>\n<tr>\n<td align=\"left\" valign=\"top\" bgcolor=\"#ffffff\"><span style=\"color: #0000ff; font-size: 10pt;\"><a href=\"http:\/\/www.cnhv.net\/wp-content\/uploads\/2011\/12\/nota-guardia-civil-documentacion.pdf\" class=\"mtli_attachment mtli_pdf\"><span style=\"color: #0000ff;\">Documentaci\u00f3n necesaria para salir a navegar<\/span><\/a><\/span><\/td>\n<td align=\"left\" valign=\"top\" bgcolor=\"#ffffff\"><span style=\"color: #0000ff; font-size: 10pt;\"><a href=\"http:\/\/www.cnhv.net\/wp-content\/uploads\/2014\/11\/Manual-de-buenas-practicas.pdf\" class=\"mtli_attachment mtli_pdf\"><span style=\"color: #0000ff;\">manual de buenas practicas <\/span><\/a><\/span><\/td>\n<td align=\"left\" valign=\"top\" bgcolor=\"#ffffff\"><span style=\"font-size: 10pt;\">\u00a0<\/span><\/td>\n<\/tr>\n<\/tbody>\n<\/table>\n<p><center><\/center><span style=\"font-size: 10pt;\">\u00a0 <span style=\"color: #2983d5;\"><strong>SEGURIDAD EN LAS ACTIVIDADES N\u00c1UTICAS\u00a0<\/strong><\/span><\/span><\/p>\n<ul>\n<li><span style=\"background-color: #2871d7; color: #ccffff; font-family: helvetica; font-size: 14px;\">\u00a0<\/span><strong style=\"background-color: #2871d7; color: #ccffff; font-family: helvetica; font-size: 14px;\">EMBARCACIONES DE RECREO<\/strong><span style=\"background-color: #2871d7; color: #ccffff; font-family: helvetica; font-size: 14px;\">\u00a0<\/span><\/li>\n<\/ul>\n<ul>\n<li><span style=\"font-family: helvetica; font-size: 14px; color: #888888;\">ANTES DE HACERSE A LA MAR<\/span><\/li>\n<li><span style=\"font-family: helvetica; font-size: 14px;\"><span style=\"color: #000000;\">\u00a0<\/span><span style=\"color: #888888;\">\u00a0Informarse de las previsiones meteorol\u00f3gicas para la zona.<\/span><\/span><\/li>\n<li><span style=\"font-family: helvetica; font-size: 14px;\"><span style=\"color: #000000;\">\u00a0<\/span><span style=\"color: #888888;\">\u00a0Comprobar el estado de la embarcaci\u00f3n. Utilizar el chequeo o lista de control.<\/span><\/span><\/li>\n<li><span style=\"font-family: helvetica; font-size: 14px;\"><span style=\"color: #000000;\">\u00a0<\/span><span style=\"color: #888888;\">\u00a0Avisar sobre el plan de navegaci\u00f3n.<\/span><\/span><\/li>\n<li><span style=\"color: #888888; font-family: helvetica; font-size: 14px;\">DURANTE LA NAVEGACI\u00d3N<\/span><\/li>\n<li><span style=\"font-family: helvetica; font-size: 14px;\"><span style=\"color: #000000;\">\u00a0<\/span><span style=\"color: #888888;\">\u00a0Mantener la vigilancia.<\/span><\/span><\/li>\n<li><span style=\"font-family: helvetica; font-size: 14px;\"><span style=\"color: #000000;\">\u00a0<\/span><span style=\"color: #888888;\">\u00a0Estar atentos a la evoluci\u00f3n del tiempo.<\/span><\/span><\/li>\n<li><span style=\"font-family: helvetica; font-size: 14px;\"><span style=\"color: #000000;\">\u00a0<\/span><span style=\"color: #888888;\">\u00a0Respetar el uso del canal 16 de VHF y quedando a la escucha.<\/span><\/span><\/li>\n<\/ul>\n<ul>\n<li><span style=\"color: #888888; font-family: helvetica; font-size: 14px;\">EN CASO DE EMERG\u00c9NCIA<\/span><\/li>\n<li><span style=\"font-family: helvetica; font-size: 14px;\"><span style=\"color: #000000;\">\u00a0<\/span><span style=\"color: #888888;\">\u00a0Utilizar las se\u00f1ales de socorro.<\/span><\/span><\/li>\n<li><span style=\"font-family: helvetica; font-size: 14px;\"><span style=\"color: #000000;\">\u00a0<\/span><span style=\"color: #888888;\">\u00a0No abandonar la embarcaci\u00f3n.<\/span><\/span><\/li>\n<li><span style=\"font-family: helvetica; font-size: 14px;\"><span style=\"color: #000000;\">\u00a0<\/span><span style=\"color: #888888;\">\u00a0No intentar llegar nadando a la costa y qu\u00e9dese en las proximidades de la embarcaci\u00f3n,<\/span><span style=\"color: #888888;\">en caso de vuelco.<\/span><\/span><\/li>\n<li><span style=\"font-family: helvetica; font-size: 14px;\"><span style=\"color: #000000;\">\u00a0<\/span><span style=\"color: #888888;\">\u00a0Si dispone de radiobaliza, act\u00edvela manualmente.<\/span><\/span><\/li>\n<li><span style=\"color: #888888; font-family: helvetica; font-size: 14px;\">PARA REALIZAR LLAMADAS DE SOCORRO<\/span><\/li>\n<li><span style=\"font-family: helvetica; font-size: 14px;\"><span style=\"color: #000000;\">\u00a0<\/span><span style=\"color: #888888;\">\u00a0Sintonizar el canal 16 de VHF o la frecuencia 2182Khz de Onda Media.<\/span><\/span><\/li>\n<li><span style=\"font-family: helvetica; font-size: 14px;\"><span style=\"color: #000000;\">\u00a0<\/span><span style=\"color: #888888;\">\u00a0En caso de peligro grave e inminente: Preceda a su mensaje: \u00abMAY DAY MAY DAY MAY DAY\u00bb<\/span><\/span><\/li>\n<li><span style=\"font-family: helvetica; font-size: 14px;\"><span style=\"color: #000000;\">\u00a0<\/span><span style=\"color: #888888;\">\u00a0En caso de necesitar ayuda urgente, pero de no estar en peligro inminente:<\/span><\/span><\/li>\n<li><span style=\"font-family: helvetica; font-size: 14px;\"><span style=\"color: #000000;\">\u00a0\u00a0<\/span><span style=\"color: #888888;\">Preceda a su mensaje: \u00abPAN PAN, PAN PAN, PAN PAN\u00bb<\/span><\/span><\/li>\n<\/ul>\n<ul>\n<li><span style=\"font-family: helvetica; font-size: 14px; background-color: #2871d7; color: #ccffff;\">\u00a0<strong>WINDSURF \/ SURF<\/strong><\/span><\/li>\n<li><span style=\"font-family: helvetica; font-size: 14px; color: #888888;\">\u00a0ANTES DE HACEROS A LA MAR<\/span><\/li>\n<li><span style=\"font-family: helvetica; font-size: 14px;\"><span style=\"color: #000000;\">\u00a0<\/span><span style=\"color: #888888;\">Tener en cuenta las corrientes.<\/span><\/span><\/li>\n<li><span style=\"font-family: helvetica; font-size: 14px;\"><span style=\"color: #000000;\">\u00a0<\/span><span style=\"color: #888888;\">Tener en cuenta las condiciones meteorol\u00f3gicas, especialmente\u00a0<\/span><\/span><span style=\"color: #888888; font-family: helvetica; font-size: 14px;\">el viento de tierra, que puede alejaros de la costa.<\/span><\/li>\n<li><span style=\"font-family: helvetica; font-size: 14px;\">\u00a0<span style=\"color: #888888;\"> No salir al mar al anochecer.<\/span><\/span><\/li>\n<li><span style=\"font-family: helvetica; font-size: 14px;\"><span style=\"color: #000000;\">\u00a0<\/span><span style=\"color: #888888;\">\u00a0Utilizar ropas isot\u00e9rmicas y salvavidas.<\/span><\/span><\/li>\n<li><span style=\"font-family: helvetica; font-size: 14px;\"><span style=\"color: #000000;\">\u00a0<\/span><span style=\"color: #888888;\">\u00a0Informar a alguien de vuestros planes y dar cuenta a vuestro entorno.<\/span><\/span><\/li>\n<\/ul>\n<ul>\n<li><span style=\"font-family: helvetica; font-size: 14px; color: #888888;\">DURANTE LA NAVEGACI\u00d3N<\/span><\/li>\n<li><span style=\"font-family: helvetica; font-size: 14px;\"><span style=\"color: #000000;\">\u00a0<\/span><span style=\"color: #888888;\">\u00a0No alejarse de la costa.<\/span><\/span><\/li>\n<li><span style=\"font-family: helvetica; font-size: 14px;\"><span style=\"color: #000000;\">\u00a0<\/span><span style=\"color: #888888;\">\u00a0No acercarse a los ba\u00f1istas.<\/span><\/span><\/li>\n<li><span style=\"color: #888888; font-family: helvetica; font-size: 14px;\">EN CASO DE UNA EMERG\u00c9NCIA<\/span><\/li>\n<li><span style=\"font-family: helvetica; font-size: 14px;\"><span style=\"color: #000000;\">\u00a0<\/span><span style=\"color: #888888;\">\u00a0No abandonar la tabla intentando llegar a la costa nadando.<\/span><\/span><\/li>\n<li><span style=\"font-family: helvetica; font-size: 14px;\"><span style=\"color: #000000;\">\u00a0<\/span><span style=\"color: #888888;\">\u00a0Hacer se\u00f1ales subiendo y bajando lentamente los brazos.<\/span><\/span><\/li>\n<\/ul>\n<ul>\n<li><span style=\"font-family: helvetica; font-size: 14px; background-color: #2871d7; color: #ccffff;\">\u00a0<strong>BUCEO<\/strong><\/span><\/li>\n<li><span style=\"font-family: helvetica; font-size: 14px;\"><span style=\"color: #000000;\">\u00a0<\/span><span style=\"color: #888888;\">ANTES DE HACEROS A LA MAR<\/span><\/span><\/li>\n<li><span style=\"font-family: helvetica; font-size: 14px;\"><span style=\"color: #000000;\">\u00a0\u00a0<\/span><span style=\"color: #888888;\">No bucear solos.<\/span><\/span><\/li>\n<li><span style=\"font-family: helvetica; font-size: 14px;\"><span style=\"color: #000000;\">\u00a0\u00a0<\/span><span style=\"color: #888888;\">Comprobar el estado del equipo e incluir un cuchillo.<\/span><\/span><\/li>\n<li><span style=\"font-family: helvetica; font-size: 14px;\"><span style=\"color: #000000;\">\u00a0<\/span><span style=\"color: #888888;\">\u00a0Protegeros del fr\u00edo con ropas isot\u00e9rmicas.<\/span><\/span><\/li>\n<li><span style=\"color: #888888; font-family: helvetica; font-size: 14px;\">DURANTE LA IMMERSI\u00d3N<\/span><\/li>\n<li><span style=\"font-family: helvetica; font-size: 14px;\"><span style=\"color: #000000;\">\u00a0<\/span><span style=\"color: #888888;\">\u00a0Se\u00f1alizar vuestra presencia con la boya adecuada seg\u00fan la modalidad.<\/span><\/span><\/li>\n<li><span style=\"font-family: helvetica; font-size: 14px;\"><span style=\"color: #000000;\">\u00a0<\/span><span style=\"color: #888888;\">\u00a0Buceo libre: Naranja.<\/span><\/span><\/li>\n<li><span style=\"font-family: helvetica; font-size: 14px;\"><span style=\"color: #000000;\">\u00a0<\/span><span style=\"color: #888888;\">\u00a0Pesca submarina y escafandrismo: Boya con bandera azul y azul<\/span><\/span><\/li>\n<li><span style=\"font-family: helvetica; font-size: 14px;\"><span style=\"color: #000000;\">\u00a0<\/span><span style=\"color: #888888;\">\u00a0Respetar las etapas de descompresi\u00f3n y ascender atentos a la superficie.<\/span><\/span><\/li>\n<li><span style=\"color: #888888; font-family: helvetica; font-size: 14px;\">EN CASO DE EMERG\u00c9NCIA<\/span><\/li>\n<li><span style=\"font-family: helvetica; font-size: 14px;\"><span style=\"color: #000000;\">\u00a0<\/span><span style=\"color: #888888;\">\u00a0Contar con una persona de soporte en la superficie.<\/span><\/span><\/li>\n<\/ul>\n<ul>\n<li><span style=\"font-family: helvetica; font-size: 14px; background-color: #2871d7; color: #ccffff;\">\u00a0<strong>ESQUI N\u00c1UTICO<\/strong><\/span><\/li>\n<li><span style=\"font-family: helvetica; font-size: 14px; color: #888888;\">\u00a0ANTES DE HACEROS A LA MAR<\/span><\/li>\n<li><span style=\"font-family: helvetica; font-size: 14px;\"><span style=\"color: #000000;\">\u00a0<\/span><span style=\"color: #888888;\">\u00a0Esta prohibido en puertos, canales y zonas balizadas.<\/span><\/span><\/li>\n<li><span style=\"font-family: helvetica; font-size: 14px;\"><span style=\"color: #000000;\">\u00a0<\/span><span style=\"color: #888888;\">\u00a0Utilizar armilla salvavidas.DURANTE LA NAVEGACI\u00d3N<\/span><\/span><\/li>\n<li><span style=\"font-family: helvetica; font-size: 14px;\"><span style=\"color: #888888;\">\u00a0 Adem\u00e1s del patr\u00f3n de la embarcaci\u00f3n tiene que haber alguien pendiente del esquiador.<\/span><\/span><\/li>\n<li><span style=\"font-family: helvetica; font-size: 14px;\"><span style=\"color: #000000;\">\u00a0<\/span><span style=\"color: #888888;\">\u00a0No acercarse a los ba\u00f1istas.<\/span><\/span><\/li>\n<\/ul>\n<ul>\n<li><span style=\"font-family: helvetica; font-size: 14px;\"><span style=\"color: #000000;\">\u00a0<\/span><span style=\"background-color: #2871d7; color: #ccffff;\"><strong>MOTOS N\u00c1UTICA<\/strong><\/span><\/span><\/li>\n<li><span style=\"font-family: helvetica; font-size: 14px;\"><span style=\"color: #000000;\">\u00a0<\/span><span style=\"color: #888888;\">ANTES DE HACEROS A LA MAR<\/span><\/span><\/li>\n<li><span style=\"font-family: helvetica; font-size: 14px;\"><span style=\"color: #000000;\">\u00a0<\/span><span style=\"color: #888888;\">\u00a0Est\u00e1 prohibido en puertos, canales y zonas balizadas.<\/span><\/span><\/li>\n<li><span style=\"font-family: helvetica; font-size: 14px;\"><span style=\"color: #000000;\">\u00a0<\/span><span style=\"color: #888888;\">\u00a0Utilizar armilla salvavidas.<\/span><\/span><\/li>\n<li><span style=\"font-family: helvetica; font-size: 14px;\"><span style=\"color: #000000;\">\u00a0<\/span><span style=\"color: #888888;\">\u00a0Est\u00e1 prohibido a menores de 18 a\u00f1os menos los m\u00e1s grandes de 16 a\u00f1os<\/span>\u00a0<span style=\"color: #888888;\">con permiso paterno.<\/span><\/span><\/li>\n<li><span style=\"font-family: helvetica; font-size: 14px;\"><span style=\"color: #000000;\">\u00a0<\/span><span style=\"color: #888888;\">\u00a0Las motos, incluidos las de alquiler, tienen que estar matriculadas y aseguradas.<\/span><\/span><\/li>\n<li><span style=\"font-family: helvetica; font-size: 14px;\"><span style=\"color: #000000;\">\u00a0<\/span><span style=\"color: #888888;\">\u00a0Comunicar donde vamos y cuando volveremos.<\/span><\/span><\/li>\n<li><span style=\"font-family: helvetica; font-size: 14px;\"><span style=\"color: #000000;\">\u00a0<\/span><span style=\"color: #888888;\">DURANTE LA NAVEGACI\u00d3N<\/span><\/span><\/li>\n<li><span style=\"font-family: helvetica; font-size: 14px;\"><span style=\"color: #000000;\">\u00a0<\/span><span style=\"color: #888888;\">\u00a0Navegar s\u00f3lo de d\u00eda.<\/span><\/span><\/li>\n<li><span style=\"font-family: helvetica; font-size: 14px;\"><span style=\"color: #000000;\">\u00a0<\/span><span style=\"color: #888888;\">\u00a0No acercarse a los ba\u00f1istas.<\/span><\/span><\/li>\n<li><span style=\"color: #888888; font-family: helvetica; font-size: 14px;\">EN CASO DE EMERG\u00c9NCIA<\/span><\/li>\n<li><span style=\"font-family: helvetica; font-size: 14px;\"><span style=\"color: #000000;\">\u00a0<\/span><span style=\"color: #888888;\">\u00a0Si ten\u00e9is problemas no separarse de la moto ni intentar llegar nadando<\/span>\u00a0<span style=\"color: #888888;\">hasta la costa.<\/span>\u00a0<\/span><\/li>\n<li><span style=\"color: #888888; font-family: helvetica; font-size: 14px;\">\u00a0 Hacer se\u00f1ales con los brazos.<\/span><\/li>\n<li><span style=\"font-family: helvetica; font-size: 14px;\"><span style=\"color: #000000;\">\u00a0<\/span><span style=\"color: #888888;\">\u00a0Si dispon\u00e9is de se\u00f1ales, utilizarlas.<\/span><\/span><\/li>\n<\/ul>\n<p><\/p>","protected":false},"excerpt":{"rendered":"<p>guia nautica de recreo pesca y buceo consejos antes de salir a la mar Documentaci\u00f3n necesaria para salir a navegar manual de buenas practicas \u00a0 \u00a0 SEGURIDAD EN LAS ACTIVIDADES [&hellip;] <a href=\"https:\/\/old.cnhv.net\/?page_id=2502\" rel=\"bookmark\">more<\/a><\/p>\n","protected":false},"author":1,"featured_media":0,"parent":2227,"menu_order":2,"comment_status":"closed","ping_status":"closed","template":"pg-tpl-no-sidebars.php","meta":{"ngg_post_thumbnail":0},"_links":{"self":[{"href":"https:\/\/old.cnhv.net\/index.php?rest_route=\/wp\/v2\/pages\/2502"}],"collection":[{"href":"https:\/\/old.cnhv.net\/index.php?rest_route=\/wp\/v2\/pages"}],"about":[{"href":"https:\/\/old.cnhv.net\/index.php?rest_route=\/wp\/v2\/types\/page"}],"author":[{"embeddable":true,"href":"https:\/\/old.cnhv.net\/index.php?rest_route=\/wp\/v2\/users\/1"}],"replies":[{"embeddable":true,"href":"https:\/\/old.cnhv.net\/index.php?rest_route=%2Fwp%2Fv2%2Fcomments&post=2502"}],"version-history":[{"count":67,"href":"https:\/\/old.cnhv.net\/index.php?rest_route=\/wp\/v2\/pages\/2502\/revisions"}],"predecessor-version":[{"id":9047,"href":"https:\/\/old.cnhv.net\/index.php?rest_route=\/wp\/v2\/pages\/2502\/revisions\/9047"}],"up":[{"embeddable":true,"href":"https:\/\/old.cnhv.net\/index.php?rest_route=\/wp\/v2\/pages\/2227"}],"wp:attachment":[{"href":"https:\/\/old.cnhv.net\/index.php?rest_route=%2Fwp%2Fv2%2Fmedia&parent=2502"}],"curies":[{"name":"wp","href":"https:\/\/api.w.org\/{rel}","templated":true}]}}