
{"id":6381,"date":"2013-07-21T17:05:58","date_gmt":"2013-07-21T17:05:58","guid":{"rendered":"http:\/\/www.cnhv.net\/?page_id=6381"},"modified":"2017-03-03T22:10:15","modified_gmt":"2017-03-03T22:10:15","slug":"importante-modificacion-de-la-ley-de-costas","status":"publish","type":"page","link":"https:\/\/old.cnhv.net\/?page_id=6381","title":{"rendered":"Importante,  Modificaci\u00f3n de la Ley de Costas"},"content":{"rendered":"<h3 align=\"center\"><b><span style=\"color: #888888;\">Resumen\u00a0 de la circular informativa redactada por la asesor\u00eda Jur\u00eddica de la<\/span><\/b><span style=\"color: #888888;\"><b>Associaci\u00f3 Catalana de Ports Esportius i Tur\u00edstics<\/b><\/span><\/h3>\n<h2 style=\"text-align: left;\" align=\"center\"><b>\u00a0<\/b>Le<b>y de Modificaci\u00f3n de la Ley 22\/1988, de 28 de julio, de Costas<\/b><\/h2>\n<p><b>La<\/b>\u00a0Ley de protecci\u00f3n y uso sostenible del litoral y de modificaci\u00f3n de la Ley 22\/1988, de 28 de julio, de Costas, ha sido aprobada por el Congreso con las enmiendas propuestas por el grupo popular en el Senado.<\/p>\n<p>La ley modifica la limitaci\u00f3n temporal de las concesiones fijada por la ley Costas de 1988 en de 30 a\u00f1os y resuelve el efecto 2018<\/p>\n<p><b>E<\/b>f<b>ecto 2018 y plazo.<\/b><\/p>\n<p><b>La<\/b>\u00a0norma de mayor trascendencia para los gestores de puertos deportivos y amarristas es el que hace referencia a que el plazo de la concesi\u00f3n ser\u00e1 el que se determine en el t\u00edtulo correspondiente, que en ning\u00fan caso podr\u00e1 exceder de setenta y cinco a\u00f1os.<\/p>\n<p>Con esta rectificaci\u00f3n, se regulariza la grave situaci\u00f3n creada por la imposici\u00f3n de plazo m\u00e1ximo de las concesi\u00f3n en 30 a\u00f1os, por la ley de costas de 1988 con la consecuencia de la extinci\u00f3n de muchas concesiones en julio de 2018.<\/p>\n<h2><span style=\"color: #0000ff;\">Por tanto la fecha en que finalizara nuestra concesi\u00f3n ser\u00e1 el 2.031<\/span><\/h2>\n<p><span style=\"color: #808080;\">Descargar el informe completo.<\/span><\/p>\n<p><a href=\"http:\/\/baadvocats.com\/es\/puertos\/articulos\/402-ley-de-modificacion-de-la-ley-22-1988-de-costas\">http:\/\/baadvocats.com\/es\/puertos\/articulos\/402-ley-de-modificacion-de-la-ley-22-1988-de-costas<\/a><\/p>\n<p>&nbsp;<\/p>\n","protected":false},"excerpt":{"rendered":"<p>Resumen\u00a0 de la circular informativa redactada por la asesor\u00eda Jur\u00eddica de laAssociaci\u00f3 Catalana de Ports Esportius i Tur\u00edstics \u00a0Ley de Modificaci\u00f3n de la Ley 22\/1988, de 28 de julio, de [&hellip;] <a href=\"https:\/\/old.cnhv.net\/?page_id=6381\" rel=\"bookmark\">more<\/a><\/p>\n","protected":false},"author":1,"featured_media":0,"parent":939,"menu_order":8,"comment_status":"closed","ping_status":"closed","template":"pg-tpl-no-sidebars.php","meta":{"ngg_post_thumbnail":0},"_links":{"self":[{"href":"https:\/\/old.cnhv.net\/index.php?rest_route=\/wp\/v2\/pages\/6381"}],"collection":[{"href":"https:\/\/old.cnhv.net\/index.php?rest_route=\/wp\/v2\/pages"}],"about":[{"href":"https:\/\/old.cnhv.net\/index.php?rest_route=\/wp\/v2\/types\/page"}],"author":[{"embeddable":true,"href":"https:\/\/old.cnhv.net\/index.php?rest_route=\/wp\/v2\/users\/1"}],"replies":[{"embeddable":true,"href":"https:\/\/old.cnhv.net\/index.php?rest_route=%2Fwp%2Fv2%2Fcomments&post=6381"}],"version-history":[{"count":4,"href":"https:\/\/old.cnhv.net\/index.php?rest_route=\/wp\/v2\/pages\/6381\/revisions"}],"predecessor-version":[{"id":10497,"href":"https:\/\/old.cnhv.net\/index.php?rest_route=\/wp\/v2\/pages\/6381\/revisions\/10497"}],"up":[{"embeddable":true,"href":"https:\/\/old.cnhv.net\/index.php?rest_route=\/wp\/v2\/pages\/939"}],"wp:attachment":[{"href":"https:\/\/old.cnhv.net\/index.php?rest_route=%2Fwp%2Fv2%2Fmedia&parent=6381"}],"curies":[{"name":"wp","href":"https:\/\/api.w.org\/{rel}","templated":true}]}}