
{"id":6903,"date":"2014-02-05T22:24:07","date_gmt":"2014-02-05T22:24:07","guid":{"rendered":"http:\/\/www.cnhv.net\/?page_id=6903"},"modified":"2016-03-25T19:03:48","modified_gmt":"2016-03-25T19:03:48","slug":"diploma-bandera-azul-para-embarcaciones","status":"publish","type":"page","link":"https:\/\/old.cnhv.net\/?page_id=6903","title":{"rendered":"Diploma Bandera Azul para embarcaciones"},"content":{"rendered":"<p><\/p>\n<div>\n<p>Si estas interesado en participar en la Campa\u00f1a de Bandera Azul de Europa, descarga este impreso. el CNHV o el Club o Puerto base donde tengas tu embarcaci\u00f3n realizara las gestiones.<br \/>\n<a href=\"http:\/\/www.cnhv.net\/wp-content\/uploads\/2014\/02\/C\u00f3digo-de-conducta.rtf\">\u00abClic aqu\u00ed\u00bb<\/a><\/p>\n<p align=\"center\"><b><a href=\"http:\/\/www.cnhv.net\/wp-content\/uploads\/2014\/02\/C\u00f3digo-de-conducta.rtf\">\u00a0<\/a><\/b><\/p>\n<p align=\"center\"><b>DIPLOMA BANDERA AZUL PARA EMBARCACIONES<\/b><\/p>\n<p><b>D\/D\u00aa\u2026\u2026\u2026\u2026\u2026\u2026\u2026\u2026\u2026\u2026\u2026\u2026\u2026\u2026\u2026\u2026\u2026\u2026\u2026\u2026\u2026\u2026\u2026\u2026\u2026\u2026\u2026\u2026\u2026\u2026\u2026&#8230;&#8230;&#8230;&#8230;&#8230;&#8230;&#8230;&#8230;&#8230;&#8230;&#8230;&#8230;&#8230;&#8230;&#8230;&#8230;..\u2026\u2026\u2026\u2026\u2026\u2026\u2026\u2026\u2026\u2026\u2026\u2026\u2026\u2026\u2026\u2026\u2026\u2026\u2026\u2026<\/b><\/p>\n<p><b>Nombre y matricula de la Embarcaci\u00f3n<\/b><b>\u2026\u2026\u2026\u2026\u2026\u2026\u2026\u2026\u2026\u2026\u2026\u2026\u2026\u2026\u2026\u2026\u2026\u2026\u2026\u2026\u2026\u2026\u2026\u2026\u2026\u2026\u2026&#8230;&#8230;&#8230;&#8230;&#8230;&#8230;&#8230;&#8230;&#8230;&#8230;&#8230;&#8230;&#8230;&#8230;&#8230;\u2026\u2026\u2026\u2026<\/b><\/p>\n<p><b>puerto deportivo\u00a0 \/ club nautico<\/b><b>:&#8230;&#8230;&#8230;&#8230;&#8230;&#8230;&#8230;&#8230;&#8230;&#8230;&#8230;&#8230;&#8230;&#8230;&#8230;&#8230;&#8230;&#8230;&#8230;&#8230;&#8230;&#8230;\u2026\u2026\u2026&#8230;&#8230;&#8230;&#8230;DIPLOMA N\u00ba:<\/b><b><\/b><\/p>\n<\/div>\n<p><b>\u00a0<\/b><\/p>\n<div>\n<p>Como\u00a0 propietario\/a y usuario\/a de barco, que ama el mar, utiliza sus\u00a0 recursos\u00a0 y desea contribuir a su protecci\u00f3n, quiero participar en la Campa\u00f1a Bandera Azul de Europa, dirigida\u00a0 a embarcaciones y puertos,\u00a0 cuyos objetivos conozco y comparto, comprometi\u00e9ndome mediante la firma del siguiente compromiso personal:<\/p>\n<p>ME ESFORZARE EN CUMPLIR LA LEGISLACION MARITIMA<b>,\u00a0<\/b>ACTUAR DE FORMA RESPONSABLE<b>,\u00a0<\/b>SIN CAUSAR PERJUICIOS A LOS ECOSISTEMAS MARINOS Y A LOS DERECHOS DE LOS DEMAS USUARIOS DEL MAR ASI COMO A RESPETAR Y DIFUNDIR EL<b>\u00a0CODIGO BANDERA AZUL DE CONDUCTA EN LA MAR<\/b><\/p>\n<p><b>1.\u00a0\u00a0\u00a0\u00a0<\/b>Har\u00e9 un uso responsable de los instrumentos de radio y navegaci\u00f3n, no arriesgando la seguridad de las personas y\/o las embarcaciones, avisando, en su caso, de objetos flotantes u otros peligros y\u00a0 ejerciendo de forma solidaria el deber de auxilio en el mar.<\/p>\n<p><b>2.\u00a0\u00a0\u00a0\u00a0<\/b>Procurar\u00e9 informarme e informar sobre la localizaci\u00f3n y caracter\u00edsticas de<b>\u00a0<\/b>las \u00e1reas sensibles y de importancia cient\u00edfica, as\u00ed como de las reservas naturales y los ecosistemas protegidos, para evitar as\u00ed que se les causen da\u00f1os accidentalmente.<\/p>\n<p><b>3.\u00a0\u00a0\u00a0\u00a0<\/b>Defender\u00e9 activamente la conservaci\u00f3n de la vida en el mar. Respetar\u00e9 los<b>\u00a0<\/b>espacios protegidos, los<b>\u00a0<\/b>mam\u00edferos marinos y otras especies protegidas y no perturbar\u00e9 las \u00e1reas de nidificaci\u00f3n de aves. No utilizar\u00e9 artes de pesca o de marisqueo prohibidas,<b>\u00a0<\/b>respetar\u00e9 los per\u00edodos de veda y no capturar\u00e9 ni consumir\u00e9 ejemplares juveniles o inmaduros.<\/p>\n<p><b>4.\u00a0\u00a0\u00a0\u00a0<\/b>No degradar\u00e9 los fondos marinos fondeando en zonas sensibles o donde<b>\u00a0<\/b>pueda interferir con las actividades o equipamientos de los pescadores y<b>\u00a0<\/b>mariscadores. Respetar\u00e9 las reglamentaciones relativas al buceo y\u00a0 a la pesca submarina.<\/p>\n<p><b>5.\u00a0\u00a0\u00a0\u00a0<\/b>No adquirir\u00e9 ni utilizar\u00e9 objetos fabricados a partir de especies<b>\u00a0<\/b>protegidas (coral, carey, etc.) o procedentes de yacimientos arqueol\u00f3gicos submarinos, cuyo origen o legalidad no sea demostrable.<\/p>\n<p><b>6.\u00a0\u00a0\u00a0\u00a0<\/b>Mantendr\u00e9 el mar, la playa y el puerto limpios:<\/p>\n<\/div>\n<div>\n<p>&#8211; No arrojando ning\u00fan material pl\u00e1stico ni otro tipo de basuras al mar o a la playa.<\/p>\n<p>&#8211; No vertiendo o dejando escapar l\u00edquidos nocivos o t\u00f3xicos, o cualquier<\/p>\n<p>otra sustancia da\u00f1ina dentro del mar.<\/p>\n<p>&#8211; Promover\u00e9 y utilizar\u00e9 la recogida selectiva\/reciclado de residuos s\u00f3lidos en el puerto.<\/p>\n<p><b>\u00a0<\/b><b>7.\u00a0\u00a0\u00a0\u00a0<\/b>Utilizar\u00e9, siempre que sea posible, productos que no sean agresivos contra el medio<b>\u00a0<\/b>ambiente (pinturas, barnices,\u00a0<i>anti-fouling<\/i>, quitapinturas, detergentes, etc.). Depositar\u00e9 los restos de pinturas, barnices y aceites del<b>\u00a0<\/b>barco en los recipientes adecuados del puerto para residuos contaminantes, favoreciendo su reciclado o tratamiento especial de forma diferenciada al resto de las basuras o aguas residuales. Utilizar\u00e9 las instalaciones en el puerto para la extracci\u00f3n del agua de sentinas y, en su caso, de WC estancos.<\/p>\n<p><b>\u00a0<\/b><b>8.\u00a0\u00a0\u00a0\u00a0<\/b>Denunciar\u00e9<b>\u00a0<\/b>ante las autoridades competentes cualquier atentado a la<b>\u00a0<\/b>legislaci\u00f3n marina del que tenga conocimiento, especialmente, los accidentes y contaminaci\u00f3n por hidrocarburos u otras sustancias qu\u00edmicas de origen terrestre o el uso de artes de pesca ilegales como las redes de volantas, etc.<\/p>\n<p><b>9.\u00a0<\/b>Contribuir\u00e9 a<b>\u00a0<\/b>una gesti\u00f3n ambientalmente responsable de mi puerto de atraque, habitual u ocasional, en relaci\u00f3n con los criterios Bandera Azul,<b>\u00a0<\/b>cumplimiento de la legislaci\u00f3n litoral y ambiental, ahorro de agua y energ\u00eda, recogida selectiva de basuras, informaci\u00f3n, educaci\u00f3n y formaci\u00f3n ambiental del personal t\u00e9cnico y de los usuarios del puerto, implantaci\u00f3n de sistemas de gesti\u00f3n ambiental, etc.<b><\/b><\/p>\n<p><b>10.\u00a0<\/b>Procurar\u00e9 que mi<b>\u00a0<\/b>comportamiento en la vida cotidiana, en el hogar, el trabajo y\u00a0 la<b>\u00a0<\/b>comunidad social sea tan responsable ambientalmente como en el mar, y promover\u00e9 o participar\u00e9 en iniciativas sociales o institucionales, que promuevan la investigaci\u00f3n, conservaci\u00f3n y\/o desarrollo sostenible del litoral.<b><\/b><\/p>\n<p><b>Enarbolar esta Bandera Azul en una embarcaci\u00f3n acredita el comportamiento de su patr\u00f3n como defensor de la vida en el mar y est\u00edmulo de buenas pr\u00e1cticas ambientales a bordo,\u00a0 en su puerto y en otros usuarios.<\/b><\/p>\n<p><b>\u00a0<\/b><\/p>\n<\/div>\n<p><b>\u00a0<\/b><\/p>\n<div>\n<p><b>\u00a0 \u00a0 \u00a0 \u00a0 \u00a0 \u00a0 \u00a0 \u00a0 \u00a0 \u00a0 \u00a0 \u00a0 \u00a0 \u00a0 \u00a0 \u00a0 \u00a0 \u00a0 \u00a0 \u00a0 \u00a0 \u00a0 \u00a0 \u00a0 \u00a0 \u00a0 \u00a0 \u00a0 \u00a0 \u00a0 \u00a0 \u00a0 \u00a0 \u00a0 \u00a0 \u00a0 \u00a0 \u00a0 \u00a0 \u00a0En&#8230;&#8230;&#8230;&#8230;&#8230;&#8230;&#8230;&#8230;&#8230;&#8230;&#8230;&#8230;&#8230;&#8230;&#8230;a&#8230;&#8230;de&#8230;&#8230;&#8230;&#8230;&#8230;&#8230;&#8230;&#8230;&#8230;&#8230;.de 200..<\/b><\/p>\n<p><b>Por ADEAC-FEE, responsable de la \u00a0 \u00a0 \u00a0 \u00a0 \u00a0 \u00a0 \u00a0 \u00a0 \u00a0 \u00a0 \u00a0Por el Club N\u00e1utico \u00a0 \u00a0 \u00a0 \u00a0 \u00a0 \u00a0 \u00a0 \u00a0 \u00a0 \u00a0 \u00a0 \u00a0 \u00a0 \u00a0 \u00a0 \u00a0 \u00a0 \u00a0 \u00a0Por el Patr\u00f3n\/Usuario\/a<\/b><\/p>\n<p><b>Campa\u00f1a Bandera Azul en Espa\u00f1a \u00a0 \u00a0 \u00a0 \u00a0 \u00a0 \u00a0 \u00a0 \u00a0 \u00a0 \u00a0 \u00a0 \u00a0 \u00a0 \u00a0 \u00a0 \u00a0 \u00a0 \u00a0 \u00a0 \u00a0 \u00a0 \u00a0 \u00a0 \u00a0 \u00a0 \u00a0 \u00a0 \u00a0 \u00a0 \u00a0 \u00a0 \u00a0 \u00a0 \u00a0 \u00a0 \u00a0 \u00a0 \u00a0 \u00a0 \u00a0 \u00a0 \u00a0 \u00a0 \u00a0 \u00a0 \u00a0 \u00a0 \u00a0 \u00a0 \u00a0 \u00a0de la embarcaci\u00f3n<\/b><\/p>\n<\/div>\n<p><\/p>","protected":false},"excerpt":{"rendered":"<p>Si estas interesado en participar en la Campa\u00f1a de Bandera Azul de Europa, descarga este impreso. el CNHV o el Club o Puerto base donde tengas tu embarcaci\u00f3n realizara las [&hellip;] <a href=\"https:\/\/old.cnhv.net\/?page_id=6903\" rel=\"bookmark\">more<\/a><\/p>\n","protected":false},"author":1,"featured_media":0,"parent":4405,"menu_order":9,"comment_status":"closed","ping_status":"closed","template":"pg-tpl-no-sidebars.php","meta":{"ngg_post_thumbnail":0},"_links":{"self":[{"href":"https:\/\/old.cnhv.net\/index.php?rest_route=\/wp\/v2\/pages\/6903"}],"collection":[{"href":"https:\/\/old.cnhv.net\/index.php?rest_route=\/wp\/v2\/pages"}],"about":[{"href":"https:\/\/old.cnhv.net\/index.php?rest_route=\/wp\/v2\/types\/page"}],"author":[{"embeddable":true,"href":"https:\/\/old.cnhv.net\/index.php?rest_route=\/wp\/v2\/users\/1"}],"replies":[{"embeddable":true,"href":"https:\/\/old.cnhv.net\/index.php?rest_route=%2Fwp%2Fv2%2Fcomments&post=6903"}],"version-history":[{"count":6,"href":"https:\/\/old.cnhv.net\/index.php?rest_route=\/wp\/v2\/pages\/6903\/revisions"}],"predecessor-version":[{"id":9601,"href":"https:\/\/old.cnhv.net\/index.php?rest_route=\/wp\/v2\/pages\/6903\/revisions\/9601"}],"up":[{"embeddable":true,"href":"https:\/\/old.cnhv.net\/index.php?rest_route=\/wp\/v2\/pages\/4405"}],"wp:attachment":[{"href":"https:\/\/old.cnhv.net\/index.php?rest_route=%2Fwp%2Fv2%2Fmedia&parent=6903"}],"curies":[{"name":"wp","href":"https:\/\/api.w.org\/{rel}","templated":true}]}}