
{"id":8602,"date":"2015-05-16T21:53:50","date_gmt":"2015-05-16T21:53:50","guid":{"rendered":"http:\/\/www.cnhv.net\/?page_id=8602"},"modified":"2018-04-30T14:15:35","modified_gmt":"2018-04-30T14:15:35","slug":"tiempo-de-ocio","status":"publish","type":"page","link":"https:\/\/old.cnhv.net\/?page_id=8602","title":{"rendered":"Restaurante Pizzeria La Barca"},"content":{"rendered":"<p><\/p>\n<table style=\"height: 244px;\" width=\"921\">\n<tbody>\n<tr>\n<td><a href=\"http:\/\/www.cnhv.net\/wp-content\/uploads\/2015\/05\/image001.jpg\"><img decoding=\"async\" loading=\"lazy\" class=\"aligncenter wp-image-8604 size-medium\" src=\"https:\/\/www.cnhv.net\/wp-content\/uploads\/2015\/05\/image001-212x300.jpg\" alt=\"image001\" width=\"212\" height=\"300\" srcset=\"https:\/\/old.cnhv.net\/wp-content\/uploads\/2015\/05\/image001-212x300.jpg 212w, https:\/\/old.cnhv.net\/wp-content\/uploads\/2015\/05\/image001-723x1024.jpg 723w, https:\/\/old.cnhv.net\/wp-content\/uploads\/2015\/05\/image001-71x100.jpg 71w, https:\/\/old.cnhv.net\/wp-content\/uploads\/2015\/05\/image001.jpg 788w\" sizes=\"(max-width: 212px) 100vw, 212px\" \/><\/a><\/td>\n<td>&nbsp;<\/p>\n<p><span style=\"font-family: georgia, palatino, serif;\"><span style=\"font-size: 12pt;\">Restaurante de comida italiana y mediterr\u00e1nea, llevamos muchos a\u00f1os a su servicio ofreci\u00e9ndole la m\u00e1xima calidad<\/span><\/span><\/p>\n<p><span style=\"font-family: georgia, palatino, serif;\"><span style=\"font-size: 12pt;\">Men\u00fas diarios por 11,90\u20ac al mediod\u00eda o m\u00e9nus de fin de semana y festivos por 15\u20ac, pizzas a 8\u20ac&nbsp;<\/span><\/span><\/p>\n<p><span style=\"font-family: georgia, palatino, serif;\"><span style=\"font-size: 12pt;\"> Tel\u00e8fon: 977823191&nbsp; &nbsp;&nbsp;<a href=\"http:\/\/www.laguia.es\/empresas\/restaurante+pizzeria+hospitalet+denfant+la+barca\/\" target=\"_blank\" rel=\"noopener\">web<\/a> mail: ristorantepizzerialabarca@yahoo.es<\/span><\/span><\/td>\n<\/tr>\n<\/tbody>\n<\/table>\n<p>&nbsp;<\/p>\n<p>&nbsp;<\/p>","protected":false},"excerpt":{"rendered":"<p>&nbsp; Restaurante de comida italiana y mediterr\u00e1nea, llevamos muchos a\u00f1os a su servicio ofreci\u00e9ndole la m\u00e1xima calidad Men\u00fas diarios por 11,90\u20ac al mediod\u00eda o m\u00e9nus de fin de semana y [&hellip;] <a href=\"https:\/\/old.cnhv.net\/?page_id=8602\" rel=\"bookmark\">more<\/a><\/p>\n","protected":false},"author":1,"featured_media":0,"parent":8619,"menu_order":3,"comment_status":"closed","ping_status":"closed","template":"pg-tpl-no-sidebars.php","meta":{"ngg_post_thumbnail":0},"_links":{"self":[{"href":"https:\/\/old.cnhv.net\/index.php?rest_route=\/wp\/v2\/pages\/8602"}],"collection":[{"href":"https:\/\/old.cnhv.net\/index.php?rest_route=\/wp\/v2\/pages"}],"about":[{"href":"https:\/\/old.cnhv.net\/index.php?rest_route=\/wp\/v2\/types\/page"}],"author":[{"embeddable":true,"href":"https:\/\/old.cnhv.net\/index.php?rest_route=\/wp\/v2\/users\/1"}],"replies":[{"embeddable":true,"href":"https:\/\/old.cnhv.net\/index.php?rest_route=%2Fwp%2Fv2%2Fcomments&post=8602"}],"version-history":[{"count":30,"href":"https:\/\/old.cnhv.net\/index.php?rest_route=\/wp\/v2\/pages\/8602\/revisions"}],"predecessor-version":[{"id":13202,"href":"https:\/\/old.cnhv.net\/index.php?rest_route=\/wp\/v2\/pages\/8602\/revisions\/13202"}],"up":[{"embeddable":true,"href":"https:\/\/old.cnhv.net\/index.php?rest_route=\/wp\/v2\/pages\/8619"}],"wp:attachment":[{"href":"https:\/\/old.cnhv.net\/index.php?rest_route=%2Fwp%2Fv2%2Fmedia&parent=8602"}],"curies":[{"name":"wp","href":"https:\/\/api.w.org\/{rel}","templated":true}]}}